{"id":98839,"date":"2025-09-29T13:36:26","date_gmt":"2025-09-29T13:36:26","guid":{"rendered":"https:\/\/casafreitas.pt\/loja\/produto\/armario-micro-ondas-1-gaveta-2-portas-59-x-40-x-92-cm\/"},"modified":"2025-10-24T02:17:42","modified_gmt":"2025-10-24T02:17:42","slug":"armario-micro-ondas-1-gaveta-2-portas-59-x-40-x-92-cm","status":"publish","type":"product","link":"https:\/\/casafreitas.pt\/loja\/produto\/armario-micro-ondas-1-gaveta-2-portas-59-x-40-x-92-cm\/","title":{"rendered":"Arm\u00e1rio de micro-ondas 1 gaveta + 2 portas 59 x 40 x 92 cm"},"content":{"rendered":"","protected":false},"excerpt":{"rendered":"<p>Arm\u00e1rio auxiliar de cozinha com rodas para microondas, bandeja remov\u00edvel na parte superior, gaveta na parte central e 2 portas dobr\u00e1veis na parte inferior. acabamento em branco artik (matte) combinado com cinza cimento. medidas do m\u00f3vel auxiliar de cozinha para microondas: 92 cm (altura) x 59 cm (largura) x 40 cm (profundidade). medidas da gaveta: 53 cm (largura) x 10 cm (altura) x 35 cm (profundidade). servi\u00e7o p\u00f3s-venda gratuito: postventa@fores-group.com<\/p>\n","protected":false},"featured_media":98838,"comment_status":"open","ping_status":"closed","template":"","meta":[],"product_brand":[],"product_cat":[12851,18003],"product_tag":[12849],"class_list":{"0":"post-98839","1":"product","2":"type-product","3":"status-publish","4":"has-post-thumbnail","6":"product_cat-moveis-auxiliares-sapadeiras","7":"product_cat-casa-decoracao","8":"product_tag-arkitmobel","10":"first","11":"instock","12":"taxable","13":"shipping-taxable","14":"purchasable","15":"product-type-simple"},"_links":{"self":[{"href":"https:\/\/casafreitas.pt\/loja\/wp-json\/wp\/v2\/product\/98839","targetHints":{"allow":["GET"]}}],"collection":[{"href":"https:\/\/casafreitas.pt\/loja\/wp-json\/wp\/v2\/product"}],"about":[{"href":"https:\/\/casafreitas.pt\/loja\/wp-json\/wp\/v2\/types\/product"}],"replies":[{"embeddable":true,"href":"https:\/\/casafreitas.pt\/loja\/wp-json\/wp\/v2\/comments?post=98839"}],"version-history":[{"count":1,"href":"https:\/\/casafreitas.pt\/loja\/wp-json\/wp\/v2\/product\/98839\/revisions"}],"predecessor-version":[{"id":98840,"href":"https:\/\/casafreitas.pt\/loja\/wp-json\/wp\/v2\/product\/98839\/revisions\/98840"}],"wp:featuredmedia":[{"embeddable":true,"href":"https:\/\/casafreitas.pt\/loja\/wp-json\/wp\/v2\/media\/98838"}],"wp:attachment":[{"href":"https:\/\/casafreitas.pt\/loja\/wp-json\/wp\/v2\/media?parent=98839"}],"wp:term":[{"taxonomy":"product_brand","embeddable":true,"href":"https:\/\/casafreitas.pt\/loja\/wp-json\/wp\/v2\/product_brand?post=98839"},{"taxonomy":"product_cat","embeddable":true,"href":"https:\/\/casafreitas.pt\/loja\/wp-json\/wp\/v2\/product_cat?post=98839"},{"taxonomy":"product_tag","embeddable":true,"href":"https:\/\/casafreitas.pt\/loja\/wp-json\/wp\/v2\/product_tag?post=98839"}],"curies":[{"name":"wp","href":"https:\/\/api.w.org\/{rel}","templated":true}]}}