{"id":98737,"date":"2025-09-29T13:27:54","date_gmt":"2025-09-29T13:27:54","guid":{"rendered":"https:\/\/casafreitas.pt\/loja\/produto\/canico-natural-cara-unica-15x3m-f27102-faura\/"},"modified":"2025-10-24T02:08:55","modified_gmt":"2025-10-24T02:08:55","slug":"canico-natural-cara-unica-15x3m-f27102-faura","status":"publish","type":"product","link":"https:\/\/casafreitas.pt\/loja\/produto\/canico-natural-cara-unica-15x3m-f27102-faura\/","title":{"rendered":"Cani\u00e7o natural cara unica 1,5x3m f27102 faura"},"content":{"rendered":"","protected":false},"excerpt":{"rendered":"<p>Cani\u00e7o natural de abeto altura 1,5m e 3m de comprimento duma s\u00f3 cara, cozido com arame plastificado castanho faura<\/p>\n","protected":false},"featured_media":98736,"comment_status":"open","ping_status":"closed","template":"","meta":[],"product_brand":[],"product_cat":[17850,18009],"product_tag":[],"class_list":{"0":"post-98737","1":"product","2":"type-product","3":"status-publish","4":"has-post-thumbnail","6":"product_cat-ocultacao-jardim-e-espaco-exterior","7":"product_cat-jardim-espaco-exterior","9":"first","10":"instock","11":"taxable","12":"shipping-taxable","13":"purchasable","14":"product-type-simple"},"_links":{"self":[{"href":"https:\/\/casafreitas.pt\/loja\/wp-json\/wp\/v2\/product\/98737","targetHints":{"allow":["GET"]}}],"collection":[{"href":"https:\/\/casafreitas.pt\/loja\/wp-json\/wp\/v2\/product"}],"about":[{"href":"https:\/\/casafreitas.pt\/loja\/wp-json\/wp\/v2\/types\/product"}],"replies":[{"embeddable":true,"href":"https:\/\/casafreitas.pt\/loja\/wp-json\/wp\/v2\/comments?post=98737"}],"version-history":[{"count":1,"href":"https:\/\/casafreitas.pt\/loja\/wp-json\/wp\/v2\/product\/98737\/revisions"}],"predecessor-version":[{"id":98738,"href":"https:\/\/casafreitas.pt\/loja\/wp-json\/wp\/v2\/product\/98737\/revisions\/98738"}],"wp:featuredmedia":[{"embeddable":true,"href":"https:\/\/casafreitas.pt\/loja\/wp-json\/wp\/v2\/media\/98736"}],"wp:attachment":[{"href":"https:\/\/casafreitas.pt\/loja\/wp-json\/wp\/v2\/media?parent=98737"}],"wp:term":[{"taxonomy":"product_brand","embeddable":true,"href":"https:\/\/casafreitas.pt\/loja\/wp-json\/wp\/v2\/product_brand?post=98737"},{"taxonomy":"product_cat","embeddable":true,"href":"https:\/\/casafreitas.pt\/loja\/wp-json\/wp\/v2\/product_cat?post=98737"},{"taxonomy":"product_tag","embeddable":true,"href":"https:\/\/casafreitas.pt\/loja\/wp-json\/wp\/v2\/product_tag?post=98737"}],"curies":[{"name":"wp","href":"https:\/\/api.w.org\/{rel}","templated":true}]}}