{"id":98275,"date":"2025-09-29T12:32:29","date_gmt":"2025-09-29T12:32:29","guid":{"rendered":"https:\/\/casafreitas.pt\/loja\/produto\/placa-madeira-macica-pinho-140x70x3cm-astigarraga\/"},"modified":"2025-10-24T02:07:43","modified_gmt":"2025-10-24T02:07:43","slug":"placa-madeira-macica-pinho-140x70x3cm-astigarraga","status":"publish","type":"product","link":"https:\/\/casafreitas.pt\/loja\/produto\/placa-madeira-macica-pinho-140x70x3cm-astigarraga\/","title":{"rendered":"Placa de madeira maci\u00e7a de pinho 140x70x3cm astigarraga"},"content":{"rendered":"","protected":false},"excerpt":{"rendered":"<p>Placa de madeira maci\u00e7a de pinho, para criar um espa\u00e7o produtivo de estudo ou trabalho, com espessura de 3cm, sem envernizar. pode deixar a superf\u00edcie com a sua cor natural, ou pode pintar ou envernizar, medidas: 140x70cm. a madeira desta placa tem certifica\u00e7\u00e3o pefc. esta etiqueta garante que a madeira utilizada por astigarraga kit line procede da gest\u00e3o respons\u00e1vel de florestas sustent\u00e1veis. astigarraga<\/p>\n","protected":false},"featured_media":98274,"comment_status":"open","ping_status":"closed","template":"","meta":[],"product_brand":[],"product_cat":[17713,18003],"product_tag":[],"class_list":{"0":"post-98275","1":"product","2":"type-product","3":"status-publish","4":"has-post-thumbnail","6":"product_cat-mesas-tabuas-cavaletes-casa-e-decoracao","7":"product_cat-casa-decoracao","9":"first","10":"instock","11":"taxable","12":"shipping-taxable","13":"purchasable","14":"product-type-simple"},"_links":{"self":[{"href":"https:\/\/casafreitas.pt\/loja\/wp-json\/wp\/v2\/product\/98275","targetHints":{"allow":["GET"]}}],"collection":[{"href":"https:\/\/casafreitas.pt\/loja\/wp-json\/wp\/v2\/product"}],"about":[{"href":"https:\/\/casafreitas.pt\/loja\/wp-json\/wp\/v2\/types\/product"}],"replies":[{"embeddable":true,"href":"https:\/\/casafreitas.pt\/loja\/wp-json\/wp\/v2\/comments?post=98275"}],"version-history":[{"count":1,"href":"https:\/\/casafreitas.pt\/loja\/wp-json\/wp\/v2\/product\/98275\/revisions"}],"predecessor-version":[{"id":98276,"href":"https:\/\/casafreitas.pt\/loja\/wp-json\/wp\/v2\/product\/98275\/revisions\/98276"}],"wp:featuredmedia":[{"embeddable":true,"href":"https:\/\/casafreitas.pt\/loja\/wp-json\/wp\/v2\/media\/98274"}],"wp:attachment":[{"href":"https:\/\/casafreitas.pt\/loja\/wp-json\/wp\/v2\/media?parent=98275"}],"wp:term":[{"taxonomy":"product_brand","embeddable":true,"href":"https:\/\/casafreitas.pt\/loja\/wp-json\/wp\/v2\/product_brand?post=98275"},{"taxonomy":"product_cat","embeddable":true,"href":"https:\/\/casafreitas.pt\/loja\/wp-json\/wp\/v2\/product_cat?post=98275"},{"taxonomy":"product_tag","embeddable":true,"href":"https:\/\/casafreitas.pt\/loja\/wp-json\/wp\/v2\/product_tag?post=98275"}],"curies":[{"name":"wp","href":"https:\/\/api.w.org\/{rel}","templated":true}]}}