{"id":98245,"date":"2025-09-29T12:30:19","date_gmt":"2025-09-29T12:30:19","guid":{"rendered":"https:\/\/casafreitas.pt\/loja\/produto\/prateleira-1000x300mm-cinzento-simon-rack\/"},"modified":"2025-10-24T02:07:40","modified_gmt":"2025-10-24T02:07:40","slug":"prateleira-1000x300mm-cinzento-simon-rack","status":"publish","type":"product","link":"https:\/\/casafreitas.pt\/loja\/produto\/prateleira-1000x300mm-cinzento-simon-rack\/","title":{"rendered":"Prateleira 1000x300mm cinzento. simon rack"},"content":{"rendered":"","protected":false},"excerpt":{"rendered":"<p>Prateleira met\u00e1lica de 1000x300mm, fabricada em bobine de a\u00e7o laminado dc01 com espessuras 0,7 e 0,8 mm.tinta ep\u00f3xi-poli\u00e9ster ral 7046 cinzento escuro. compat\u00edvel para prateleiras com parafusos (simonclassic) e sem parafusos (simonclick, officlick, simonforte, simontit\u00e1n).dobragem especial para facilitar o manuseio e montagem sem riscos. simon rack<\/p>\n","protected":false},"featured_media":98244,"comment_status":"open","ping_status":"closed","template":"","meta":[],"product_brand":[],"product_cat":[17723,18003],"product_tag":[],"class_list":{"0":"post-98245","1":"product","2":"type-product","3":"status-publish","4":"has-post-thumbnail","6":"product_cat-prateleiras-armarios-metalicos-casa-e-decoracao","7":"product_cat-casa-decoracao","9":"first","10":"instock","11":"taxable","12":"shipping-taxable","13":"purchasable","14":"product-type-simple"},"_links":{"self":[{"href":"https:\/\/casafreitas.pt\/loja\/wp-json\/wp\/v2\/product\/98245","targetHints":{"allow":["GET"]}}],"collection":[{"href":"https:\/\/casafreitas.pt\/loja\/wp-json\/wp\/v2\/product"}],"about":[{"href":"https:\/\/casafreitas.pt\/loja\/wp-json\/wp\/v2\/types\/product"}],"replies":[{"embeddable":true,"href":"https:\/\/casafreitas.pt\/loja\/wp-json\/wp\/v2\/comments?post=98245"}],"version-history":[{"count":1,"href":"https:\/\/casafreitas.pt\/loja\/wp-json\/wp\/v2\/product\/98245\/revisions"}],"predecessor-version":[{"id":98246,"href":"https:\/\/casafreitas.pt\/loja\/wp-json\/wp\/v2\/product\/98245\/revisions\/98246"}],"wp:featuredmedia":[{"embeddable":true,"href":"https:\/\/casafreitas.pt\/loja\/wp-json\/wp\/v2\/media\/98244"}],"wp:attachment":[{"href":"https:\/\/casafreitas.pt\/loja\/wp-json\/wp\/v2\/media?parent=98245"}],"wp:term":[{"taxonomy":"product_brand","embeddable":true,"href":"https:\/\/casafreitas.pt\/loja\/wp-json\/wp\/v2\/product_brand?post=98245"},{"taxonomy":"product_cat","embeddable":true,"href":"https:\/\/casafreitas.pt\/loja\/wp-json\/wp\/v2\/product_cat?post=98245"},{"taxonomy":"product_tag","embeddable":true,"href":"https:\/\/casafreitas.pt\/loja\/wp-json\/wp\/v2\/product_tag?post=98245"}],"curies":[{"name":"wp","href":"https:\/\/api.w.org\/{rel}","templated":true}]}}