{"id":97918,"date":"2025-09-29T12:09:19","date_gmt":"2025-09-29T12:09:19","guid":{"rendered":"https:\/\/casafreitas.pt\/loja\/produto\/floreira-com-prato-integrado-40x24cm-suporte-metalico-cor-antracita\/"},"modified":"2025-10-24T02:06:49","modified_gmt":"2025-10-24T02:06:49","slug":"floreira-com-prato-integrado-40x24cm-suporte-metalico-cor-antracita","status":"publish","type":"product","link":"https:\/\/casafreitas.pt\/loja\/produto\/floreira-com-prato-integrado-40x24cm-suporte-metalico-cor-antracita\/","title":{"rendered":"Floreira com prato integrado 40x24cm + suporte met\u00e1lico. cor antracita"},"content":{"rendered":"","protected":false},"excerpt":{"rendered":"<p>Floreira com prato integrado 40x24cm (largura\/profundidade) + suporte met\u00e1lico. cor antracita. desenvolvido para uso exterior devido \u00e0 sua alta resist\u00eancia \u00e0 luz solar, \u00e0 sua robustez e \u00e0 sua textura<\/p>\n","protected":false},"featured_media":97917,"comment_status":"open","ping_status":"closed","template":"","meta":[],"product_brand":[],"product_cat":[17867,18009],"product_tag":[],"class_list":{"0":"post-97918","1":"product","2":"type-product","3":"status-publish","4":"has-post-thumbnail","6":"product_cat-vasos-bases-bordaduras-jardim-e-espaco-exterior","7":"product_cat-jardim-espaco-exterior","9":"first","10":"instock","11":"taxable","12":"shipping-taxable","13":"purchasable","14":"product-type-simple"},"_links":{"self":[{"href":"https:\/\/casafreitas.pt\/loja\/wp-json\/wp\/v2\/product\/97918","targetHints":{"allow":["GET"]}}],"collection":[{"href":"https:\/\/casafreitas.pt\/loja\/wp-json\/wp\/v2\/product"}],"about":[{"href":"https:\/\/casafreitas.pt\/loja\/wp-json\/wp\/v2\/types\/product"}],"replies":[{"embeddable":true,"href":"https:\/\/casafreitas.pt\/loja\/wp-json\/wp\/v2\/comments?post=97918"}],"version-history":[{"count":1,"href":"https:\/\/casafreitas.pt\/loja\/wp-json\/wp\/v2\/product\/97918\/revisions"}],"predecessor-version":[{"id":97919,"href":"https:\/\/casafreitas.pt\/loja\/wp-json\/wp\/v2\/product\/97918\/revisions\/97919"}],"wp:featuredmedia":[{"embeddable":true,"href":"https:\/\/casafreitas.pt\/loja\/wp-json\/wp\/v2\/media\/97917"}],"wp:attachment":[{"href":"https:\/\/casafreitas.pt\/loja\/wp-json\/wp\/v2\/media?parent=97918"}],"wp:term":[{"taxonomy":"product_brand","embeddable":true,"href":"https:\/\/casafreitas.pt\/loja\/wp-json\/wp\/v2\/product_brand?post=97918"},{"taxonomy":"product_cat","embeddable":true,"href":"https:\/\/casafreitas.pt\/loja\/wp-json\/wp\/v2\/product_cat?post=97918"},{"taxonomy":"product_tag","embeddable":true,"href":"https:\/\/casafreitas.pt\/loja\/wp-json\/wp\/v2\/product_tag?post=97918"}],"curies":[{"name":"wp","href":"https:\/\/api.w.org\/{rel}","templated":true}]}}