{"id":97582,"date":"2025-09-29T11:43:50","date_gmt":"2025-09-29T11:43:50","guid":{"rendered":"https:\/\/casafreitas.pt\/loja\/produto\/banco-dobravel-33-x-30-x-45-cm\/"},"modified":"2025-10-24T02:05:58","modified_gmt":"2025-10-24T02:05:58","slug":"banco-dobravel-33-x-30-x-45-cm","status":"publish","type":"product","link":"https:\/\/casafreitas.pt\/loja\/produto\/banco-dobravel-33-x-30-x-45-cm\/","title":{"rendered":"Banco dobr\u00e1vel, 33 x 30 x 45 cm"},"content":{"rendered":"","protected":false},"excerpt":{"rendered":"<p>Banco dobr\u00e1vel, carga m\u00e1xima. material pl\u00e1stico de alta densidade, tubo de a\u00e7o espessura \u00f819 mm, cor branco. medida 33 x 30 x 45 cm<\/p>\n","protected":false},"featured_media":97581,"comment_status":"open","ping_status":"closed","template":"","meta":[],"product_brand":[],"product_cat":[17683,18003],"product_tag":[],"class_list":{"0":"post-97582","1":"product","2":"type-product","3":"status-publish","4":"has-post-thumbnail","6":"product_cat-cadeiras-banco-sofas-casa-e-decoracao","7":"product_cat-casa-decoracao","9":"first","10":"instock","11":"taxable","12":"shipping-taxable","13":"purchasable","14":"product-type-simple"},"_links":{"self":[{"href":"https:\/\/casafreitas.pt\/loja\/wp-json\/wp\/v2\/product\/97582","targetHints":{"allow":["GET"]}}],"collection":[{"href":"https:\/\/casafreitas.pt\/loja\/wp-json\/wp\/v2\/product"}],"about":[{"href":"https:\/\/casafreitas.pt\/loja\/wp-json\/wp\/v2\/types\/product"}],"replies":[{"embeddable":true,"href":"https:\/\/casafreitas.pt\/loja\/wp-json\/wp\/v2\/comments?post=97582"}],"version-history":[{"count":1,"href":"https:\/\/casafreitas.pt\/loja\/wp-json\/wp\/v2\/product\/97582\/revisions"}],"predecessor-version":[{"id":97583,"href":"https:\/\/casafreitas.pt\/loja\/wp-json\/wp\/v2\/product\/97582\/revisions\/97583"}],"wp:featuredmedia":[{"embeddable":true,"href":"https:\/\/casafreitas.pt\/loja\/wp-json\/wp\/v2\/media\/97581"}],"wp:attachment":[{"href":"https:\/\/casafreitas.pt\/loja\/wp-json\/wp\/v2\/media?parent=97582"}],"wp:term":[{"taxonomy":"product_brand","embeddable":true,"href":"https:\/\/casafreitas.pt\/loja\/wp-json\/wp\/v2\/product_brand?post=97582"},{"taxonomy":"product_cat","embeddable":true,"href":"https:\/\/casafreitas.pt\/loja\/wp-json\/wp\/v2\/product_cat?post=97582"},{"taxonomy":"product_tag","embeddable":true,"href":"https:\/\/casafreitas.pt\/loja\/wp-json\/wp\/v2\/product_tag?post=97582"}],"curies":[{"name":"wp","href":"https:\/\/api.w.org\/{rel}","templated":true}]}}