{"id":97297,"date":"2025-09-29T11:19:48","date_gmt":"2025-09-29T11:19:48","guid":{"rendered":"https:\/\/casafreitas.pt\/loja\/produto\/tubo-flexiled-36-leds-m-amarelo-2-vias-multifuncoes-ip44-48m\/"},"modified":"2025-10-24T02:05:10","modified_gmt":"2025-10-24T02:05:10","slug":"tubo-flexiled-36-leds-m-amarelo-2-vias-multifuncoes-ip44-48m","status":"publish","type":"product","link":"https:\/\/casafreitas.pt\/loja\/produto\/tubo-flexiled-36-leds-m-amarelo-2-vias-multifuncoes-ip44-48m\/","title":{"rendered":"Tubo flexiled 36 leds\/m amarelo, 2 vias multifun\u00e7\u00f5es, ip44 48m"},"content":{"rendered":"","protected":false},"excerpt":{"rendered":"<p>Tubo flexiado led48m. multifun\u00e7\u00f5es 2 vias 36 leds\/m amarelo &#8211; fio luminoso led &#8211; temperatura m\u00e1x.\/min: -40\u00b0c\/63\u00b0c \u00b7 ip44 &#8211; unidade de corte a cada 3m \u00b7 consumo 1,75w\/m (corte sempre o tubo pela marca do a tesoura)<\/p>\n","protected":false},"featured_media":97296,"comment_status":"open","ping_status":"closed","template":"","meta":[],"product_brand":[],"product_cat":[17667,18004],"product_tag":[],"class_list":{"0":"post-97297","1":"product","2":"type-product","3":"status-publish","4":"has-post-thumbnail","6":"product_cat-tubo-flexiled-e-flexilux-construcao","7":"product_cat-construcao","9":"first","10":"instock","11":"taxable","12":"shipping-taxable","13":"purchasable","14":"product-type-simple"},"_links":{"self":[{"href":"https:\/\/casafreitas.pt\/loja\/wp-json\/wp\/v2\/product\/97297","targetHints":{"allow":["GET"]}}],"collection":[{"href":"https:\/\/casafreitas.pt\/loja\/wp-json\/wp\/v2\/product"}],"about":[{"href":"https:\/\/casafreitas.pt\/loja\/wp-json\/wp\/v2\/types\/product"}],"replies":[{"embeddable":true,"href":"https:\/\/casafreitas.pt\/loja\/wp-json\/wp\/v2\/comments?post=97297"}],"version-history":[{"count":1,"href":"https:\/\/casafreitas.pt\/loja\/wp-json\/wp\/v2\/product\/97297\/revisions"}],"predecessor-version":[{"id":97298,"href":"https:\/\/casafreitas.pt\/loja\/wp-json\/wp\/v2\/product\/97297\/revisions\/97298"}],"wp:featuredmedia":[{"embeddable":true,"href":"https:\/\/casafreitas.pt\/loja\/wp-json\/wp\/v2\/media\/97296"}],"wp:attachment":[{"href":"https:\/\/casafreitas.pt\/loja\/wp-json\/wp\/v2\/media?parent=97297"}],"wp:term":[{"taxonomy":"product_brand","embeddable":true,"href":"https:\/\/casafreitas.pt\/loja\/wp-json\/wp\/v2\/product_brand?post=97297"},{"taxonomy":"product_cat","embeddable":true,"href":"https:\/\/casafreitas.pt\/loja\/wp-json\/wp\/v2\/product_cat?post=97297"},{"taxonomy":"product_tag","embeddable":true,"href":"https:\/\/casafreitas.pt\/loja\/wp-json\/wp\/v2\/product_tag?post=97297"}],"curies":[{"name":"wp","href":"https:\/\/api.w.org\/{rel}","templated":true}]}}