{"id":97117,"date":"2025-09-29T11:05:44","date_gmt":"2025-09-29T11:05:44","guid":{"rendered":"https:\/\/casafreitas.pt\/loja\/produto\/grinalda-candeeiros-10-leds-branco-quente-ip44-95m-lumineo\/"},"modified":"2025-10-24T01:54:24","modified_gmt":"2025-10-24T01:54:24","slug":"grinalda-candeeiros-10-leds-branco-quente-ip44-95m-lumineo","status":"publish","type":"product","link":"https:\/\/casafreitas.pt\/loja\/produto\/grinalda-candeeiros-10-leds-branco-quente-ip44-95m-lumineo\/","title":{"rendered":"Grinalda candeeiros 10 leds branco quente ip44 9,5m lumineo"},"content":{"rendered":"","protected":false},"excerpt":{"rendered":"<p>Grinalda candeeiros 10 leds branco quente. tamanho: 4,5m + 5m de cabo (comprimento) comprimento total: 9,5m. pode ligar at\u00e9 100 l\u00e2mpadas. tens\u00e3o: 220-240v lumineo<\/p>\n","protected":false},"featured_media":97116,"comment_status":"open","ping_status":"closed","template":"","meta":[],"product_brand":[],"product_cat":[17948,18008],"product_tag":[],"class_list":{"0":"post-97117","1":"product","2":"type-product","3":"status-publish","4":"has-post-thumbnail","6":"product_cat-grinaldas-tipo-festas-de-veraoguirlandas-para-exterior-iluminacao-2","7":"product_cat-iluminacao","9":"first","10":"instock","11":"taxable","12":"shipping-taxable","13":"purchasable","14":"product-type-simple"},"_links":{"self":[{"href":"https:\/\/casafreitas.pt\/loja\/wp-json\/wp\/v2\/product\/97117","targetHints":{"allow":["GET"]}}],"collection":[{"href":"https:\/\/casafreitas.pt\/loja\/wp-json\/wp\/v2\/product"}],"about":[{"href":"https:\/\/casafreitas.pt\/loja\/wp-json\/wp\/v2\/types\/product"}],"replies":[{"embeddable":true,"href":"https:\/\/casafreitas.pt\/loja\/wp-json\/wp\/v2\/comments?post=97117"}],"version-history":[{"count":1,"href":"https:\/\/casafreitas.pt\/loja\/wp-json\/wp\/v2\/product\/97117\/revisions"}],"predecessor-version":[{"id":97118,"href":"https:\/\/casafreitas.pt\/loja\/wp-json\/wp\/v2\/product\/97117\/revisions\/97118"}],"wp:featuredmedia":[{"embeddable":true,"href":"https:\/\/casafreitas.pt\/loja\/wp-json\/wp\/v2\/media\/97116"}],"wp:attachment":[{"href":"https:\/\/casafreitas.pt\/loja\/wp-json\/wp\/v2\/media?parent=97117"}],"wp:term":[{"taxonomy":"product_brand","embeddable":true,"href":"https:\/\/casafreitas.pt\/loja\/wp-json\/wp\/v2\/product_brand?post=97117"},{"taxonomy":"product_cat","embeddable":true,"href":"https:\/\/casafreitas.pt\/loja\/wp-json\/wp\/v2\/product_cat?post=97117"},{"taxonomy":"product_tag","embeddable":true,"href":"https:\/\/casafreitas.pt\/loja\/wp-json\/wp\/v2\/product_tag?post=97117"}],"curies":[{"name":"wp","href":"https:\/\/api.w.org\/{rel}","templated":true}]}}