{"id":97030,"date":"2025-09-29T10:58:48","date_gmt":"2025-09-29T10:58:48","guid":{"rendered":"https:\/\/casafreitas.pt\/loja\/produto\/projetor-led-30w-2370lm-6400k-luz-fria-black-series-158x135x29cm-series-edm\/"},"modified":"2025-10-24T01:54:17","modified_gmt":"2025-10-24T01:54:17","slug":"projetor-led-30w-2370lm-6400k-luz-fria-black-series-158x135x29cm-series-edm","status":"publish","type":"product","link":"https:\/\/casafreitas.pt\/loja\/produto\/projetor-led-30w-2370lm-6400k-luz-fria-black-series-158x135x29cm-series-edm\/","title":{"rendered":"Projetor led 30w 2370lm 6400k luz fria black series 15,8&#215;13,5&#215;2,9cm series edm"},"content":{"rendered":"","protected":false},"excerpt":{"rendered":"<p>Projetor led 30w 2370lm 6400k luz fria ip65 42 leds 15,8&#215;13,5&#215;2,9cm 25.000h 220-240v 50hz classe energ\u00e9tica f. \u00e2ngulo de abertura: 120\u00b0. inclui conex\u00e3o \u00e0 prova de \u00e1gua ip68. black series edm<\/p>\n","protected":false},"featured_media":97029,"comment_status":"open","ping_status":"closed","template":"","meta":[],"product_brand":[],"product_cat":[17964,18008],"product_tag":[],"class_list":{"0":"post-97030","1":"product","2":"type-product","3":"status-publish","4":"has-post-thumbnail","6":"product_cat-projetores-led-iluminacao-2","7":"product_cat-iluminacao","9":"first","10":"instock","11":"taxable","12":"shipping-taxable","13":"purchasable","14":"product-type-simple"},"_links":{"self":[{"href":"https:\/\/casafreitas.pt\/loja\/wp-json\/wp\/v2\/product\/97030","targetHints":{"allow":["GET"]}}],"collection":[{"href":"https:\/\/casafreitas.pt\/loja\/wp-json\/wp\/v2\/product"}],"about":[{"href":"https:\/\/casafreitas.pt\/loja\/wp-json\/wp\/v2\/types\/product"}],"replies":[{"embeddable":true,"href":"https:\/\/casafreitas.pt\/loja\/wp-json\/wp\/v2\/comments?post=97030"}],"version-history":[{"count":1,"href":"https:\/\/casafreitas.pt\/loja\/wp-json\/wp\/v2\/product\/97030\/revisions"}],"predecessor-version":[{"id":97031,"href":"https:\/\/casafreitas.pt\/loja\/wp-json\/wp\/v2\/product\/97030\/revisions\/97031"}],"wp:featuredmedia":[{"embeddable":true,"href":"https:\/\/casafreitas.pt\/loja\/wp-json\/wp\/v2\/media\/97029"}],"wp:attachment":[{"href":"https:\/\/casafreitas.pt\/loja\/wp-json\/wp\/v2\/media?parent=97030"}],"wp:term":[{"taxonomy":"product_brand","embeddable":true,"href":"https:\/\/casafreitas.pt\/loja\/wp-json\/wp\/v2\/product_brand?post=97030"},{"taxonomy":"product_cat","embeddable":true,"href":"https:\/\/casafreitas.pt\/loja\/wp-json\/wp\/v2\/product_cat?post=97030"},{"taxonomy":"product_tag","embeddable":true,"href":"https:\/\/casafreitas.pt\/loja\/wp-json\/wp\/v2\/product_tag?post=97030"}],"curies":[{"name":"wp","href":"https:\/\/api.w.org\/{rel}","templated":true}]}}