{"id":96892,"date":"2025-09-29T10:48:14","date_gmt":"2025-09-29T10:48:14","guid":{"rendered":"https:\/\/casafreitas.pt\/loja\/produto\/casa-passaro-em-madeira-pinho-varios-modelos-10-x-13-x-20-cm\/"},"modified":"2025-10-24T01:53:55","modified_gmt":"2025-10-24T01:53:55","slug":"casa-passaro-em-madeira-pinho-varios-modelos-10-x-13-x-20-cm","status":"publish","type":"product","link":"https:\/\/casafreitas.pt\/loja\/produto\/casa-passaro-em-madeira-pinho-varios-modelos-10-x-13-x-20-cm\/","title":{"rendered":"Casa de p\u00e1ssaro em madeira de pinho v\u00e1rios modelos, 10 x 13 x 20 cm"},"content":{"rendered":"","protected":false},"excerpt":{"rendered":"<p>Caixa-ninho para p\u00e1ssaros. com a placa pendurada pode colocar na parede, na cerca do seu jardim ou numa \u00e1rvore. modelos e cores variados. material: 100% madeira de pinho fsc, v\u00e1rios modelos, dimens\u00f5es: 10 x 13 x 20 cm<\/p>\n","protected":false},"featured_media":96891,"comment_status":"open","ping_status":"closed","template":"","meta":[],"product_brand":[],"product_cat":[17818,18009],"product_tag":[],"class_list":{"0":"post-96892","1":"product","2":"type-product","3":"status-publish","4":"has-post-thumbnail","6":"product_cat-animais-de-jardim-jardim-e-espaco-exterior","7":"product_cat-jardim-espaco-exterior","9":"first","10":"instock","11":"taxable","12":"shipping-taxable","13":"purchasable","14":"product-type-simple"},"_links":{"self":[{"href":"https:\/\/casafreitas.pt\/loja\/wp-json\/wp\/v2\/product\/96892","targetHints":{"allow":["GET"]}}],"collection":[{"href":"https:\/\/casafreitas.pt\/loja\/wp-json\/wp\/v2\/product"}],"about":[{"href":"https:\/\/casafreitas.pt\/loja\/wp-json\/wp\/v2\/types\/product"}],"replies":[{"embeddable":true,"href":"https:\/\/casafreitas.pt\/loja\/wp-json\/wp\/v2\/comments?post=96892"}],"version-history":[{"count":1,"href":"https:\/\/casafreitas.pt\/loja\/wp-json\/wp\/v2\/product\/96892\/revisions"}],"predecessor-version":[{"id":96893,"href":"https:\/\/casafreitas.pt\/loja\/wp-json\/wp\/v2\/product\/96892\/revisions\/96893"}],"wp:featuredmedia":[{"embeddable":true,"href":"https:\/\/casafreitas.pt\/loja\/wp-json\/wp\/v2\/media\/96891"}],"wp:attachment":[{"href":"https:\/\/casafreitas.pt\/loja\/wp-json\/wp\/v2\/media?parent=96892"}],"wp:term":[{"taxonomy":"product_brand","embeddable":true,"href":"https:\/\/casafreitas.pt\/loja\/wp-json\/wp\/v2\/product_brand?post=96892"},{"taxonomy":"product_cat","embeddable":true,"href":"https:\/\/casafreitas.pt\/loja\/wp-json\/wp\/v2\/product_cat?post=96892"},{"taxonomy":"product_tag","embeddable":true,"href":"https:\/\/casafreitas.pt\/loja\/wp-json\/wp\/v2\/product_tag?post=96892"}],"curies":[{"name":"wp","href":"https:\/\/api.w.org\/{rel}","templated":true}]}}