{"id":96019,"date":"2025-09-29T09:50:06","date_gmt":"2025-09-29T09:50:06","guid":{"rendered":"https:\/\/casafreitas.pt\/loja\/produto\/fita-adesiva-branca-para-mosquiteiro-em-fibra-vidro-aluminio-500-cm\/"},"modified":"2025-10-24T01:21:18","modified_gmt":"2025-10-24T01:21:18","slug":"fita-adesiva-branca-para-mosquiteiro-em-fibra-vidro-aluminio-500-cm","status":"publish","type":"product","link":"https:\/\/casafreitas.pt\/loja\/produto\/fita-adesiva-branca-para-mosquiteiro-em-fibra-vidro-aluminio-500-cm\/","title":{"rendered":"Fita adesiva branca para mosquiteiro em fibra de vidro e alum\u00ednio, 500 cm"},"content":{"rendered":"","protected":false},"excerpt":{"rendered":"<p>Fita adesiva branca para mosquiteiro em fibra de vidro e alum\u00ednio, 500 cm (2 pe\u00e7as x 250 cm), inclui mini ferramenta de instala\u00e7\u00e3o<\/p>\n","protected":false},"featured_media":96018,"comment_status":"open","ping_status":"closed","template":"","meta":[],"product_brand":[],"product_cat":[17916,18010],"product_tag":[12815],"class_list":{"0":"post-96019","1":"product","2":"type-product","3":"status-publish","4":"has-post-thumbnail","6":"product_cat-mosquiteiras-rede-mosquiteira-limpeza-e-higiene-pessoal","7":"product_cat-limpeza-higiene-pessoal","8":"product_tag-irs","10":"first","11":"instock","12":"taxable","13":"shipping-taxable","14":"purchasable","15":"product-type-simple"},"_links":{"self":[{"href":"https:\/\/casafreitas.pt\/loja\/wp-json\/wp\/v2\/product\/96019","targetHints":{"allow":["GET"]}}],"collection":[{"href":"https:\/\/casafreitas.pt\/loja\/wp-json\/wp\/v2\/product"}],"about":[{"href":"https:\/\/casafreitas.pt\/loja\/wp-json\/wp\/v2\/types\/product"}],"replies":[{"embeddable":true,"href":"https:\/\/casafreitas.pt\/loja\/wp-json\/wp\/v2\/comments?post=96019"}],"version-history":[{"count":1,"href":"https:\/\/casafreitas.pt\/loja\/wp-json\/wp\/v2\/product\/96019\/revisions"}],"predecessor-version":[{"id":96020,"href":"https:\/\/casafreitas.pt\/loja\/wp-json\/wp\/v2\/product\/96019\/revisions\/96020"}],"wp:featuredmedia":[{"embeddable":true,"href":"https:\/\/casafreitas.pt\/loja\/wp-json\/wp\/v2\/media\/96018"}],"wp:attachment":[{"href":"https:\/\/casafreitas.pt\/loja\/wp-json\/wp\/v2\/media?parent=96019"}],"wp:term":[{"taxonomy":"product_brand","embeddable":true,"href":"https:\/\/casafreitas.pt\/loja\/wp-json\/wp\/v2\/product_brand?post=96019"},{"taxonomy":"product_cat","embeddable":true,"href":"https:\/\/casafreitas.pt\/loja\/wp-json\/wp\/v2\/product_cat?post=96019"},{"taxonomy":"product_tag","embeddable":true,"href":"https:\/\/casafreitas.pt\/loja\/wp-json\/wp\/v2\/product_tag?post=96019"}],"curies":[{"name":"wp","href":"https:\/\/api.w.org\/{rel}","templated":true}]}}