{"id":95743,"date":"2025-09-29T09:31:12","date_gmt":"2025-09-29T09:31:12","guid":{"rendered":"https:\/\/casafreitas.pt\/loja\/produto\/lanterna-campismo-led-dupla-funcao-3-x-aa-nao-incluidas-cores-sortidas-o90-x-145-mm\/"},"modified":"2025-10-24T01:20:33","modified_gmt":"2025-10-24T01:20:33","slug":"lanterna-campismo-led-dupla-funcao-3-x-aa-nao-incluidas-cores-sortidas-o90-x-145-mm","status":"publish","type":"product","link":"https:\/\/casafreitas.pt\/loja\/produto\/lanterna-campismo-led-dupla-funcao-3-x-aa-nao-incluidas-cores-sortidas-o90-x-145-mm\/","title":{"rendered":"Lanterna de campismo led dupla fun\u00e7\u00e3o, 3 x aa (n\u00e3o inclu\u00eddas), cores sortidas, \u00f890 x 145 mm"},"content":{"rendered":"","protected":false},"excerpt":{"rendered":"<p>Lanterna de campismo luz de dupla fun\u00e7\u00e3o 2 w, 30 l\u00famen. luz inferior da parte superior dobr\u00e1vel 1 w 75 lm, luz do corpo 2 modos: luz branca 45 lm, chama 30 lm. funciona com 3 pilhas aa (n\u00e3o inclu\u00eddas); \u00f890x145mm<\/p>\n","protected":false},"featured_media":95742,"comment_status":"open","ping_status":"closed","template":"","meta":[],"product_brand":[],"product_cat":[8800,17417],"product_tag":[],"class_list":{"0":"post-95743","1":"product","2":"type-product","3":"status-publish","4":"has-post-thumbnail","6":"product_cat-pequenos-domesticos","7":"product_cat-varias-lanternas-lanternas-pequenos-domesticos","9":"first","10":"instock","11":"taxable","12":"shipping-taxable","13":"purchasable","14":"product-type-simple"},"_links":{"self":[{"href":"https:\/\/casafreitas.pt\/loja\/wp-json\/wp\/v2\/product\/95743","targetHints":{"allow":["GET"]}}],"collection":[{"href":"https:\/\/casafreitas.pt\/loja\/wp-json\/wp\/v2\/product"}],"about":[{"href":"https:\/\/casafreitas.pt\/loja\/wp-json\/wp\/v2\/types\/product"}],"replies":[{"embeddable":true,"href":"https:\/\/casafreitas.pt\/loja\/wp-json\/wp\/v2\/comments?post=95743"}],"version-history":[{"count":1,"href":"https:\/\/casafreitas.pt\/loja\/wp-json\/wp\/v2\/product\/95743\/revisions"}],"predecessor-version":[{"id":95744,"href":"https:\/\/casafreitas.pt\/loja\/wp-json\/wp\/v2\/product\/95743\/revisions\/95744"}],"wp:featuredmedia":[{"embeddable":true,"href":"https:\/\/casafreitas.pt\/loja\/wp-json\/wp\/v2\/media\/95742"}],"wp:attachment":[{"href":"https:\/\/casafreitas.pt\/loja\/wp-json\/wp\/v2\/media?parent=95743"}],"wp:term":[{"taxonomy":"product_brand","embeddable":true,"href":"https:\/\/casafreitas.pt\/loja\/wp-json\/wp\/v2\/product_brand?post=95743"},{"taxonomy":"product_cat","embeddable":true,"href":"https:\/\/casafreitas.pt\/loja\/wp-json\/wp\/v2\/product_cat?post=95743"},{"taxonomy":"product_tag","embeddable":true,"href":"https:\/\/casafreitas.pt\/loja\/wp-json\/wp\/v2\/product_tag?post=95743"}],"curies":[{"name":"wp","href":"https:\/\/api.w.org\/{rel}","templated":true}]}}