{"id":95440,"date":"2025-09-29T09:08:51","date_gmt":"2025-09-29T09:08:51","guid":{"rendered":"https:\/\/casafreitas.pt\/loja\/produto\/lampada-led-standard-e27-12w-1154lm-3200k-luz-quente-6-x-115-cm\/"},"modified":"2025-10-24T01:20:08","modified_gmt":"2025-10-24T01:20:08","slug":"lampada-led-standard-e27-12w-1154lm-3200k-luz-quente-6-x-115-cm","status":"publish","type":"product","link":"https:\/\/casafreitas.pt\/loja\/produto\/lampada-led-standard-e27-12w-1154lm-3200k-luz-quente-6-x-115-cm\/","title":{"rendered":"L\u00e2mpada de led standard e27 12w 1154lm 3200k luz quente \u00f8 6 x 11,5 cm"},"content":{"rendered":"","protected":false},"excerpt":{"rendered":"<p>L\u00e2mpada de led standard e27 12w 1154lm 3200k luz quente. tamanho: \u00f8 6 x 11,5 cm 25000h ac 220-240 v~50 hz.. classe energ\u00e9tica: f. \u00e2ngulo de abertura: 220\u00b0 . n\u00e3o ajust\u00e1vel<\/p>\n","protected":false},"featured_media":95439,"comment_status":"open","ping_status":"closed","template":"","meta":[],"product_brand":[],"product_cat":[17649,18004],"product_tag":[],"class_list":{"0":"post-95440","1":"product","2":"type-product","3":"status-publish","4":"has-post-thumbnail","6":"product_cat-standard-esfericas-construcao","7":"product_cat-construcao","9":"first","10":"instock","11":"taxable","12":"shipping-taxable","13":"purchasable","14":"product-type-simple"},"_links":{"self":[{"href":"https:\/\/casafreitas.pt\/loja\/wp-json\/wp\/v2\/product\/95440","targetHints":{"allow":["GET"]}}],"collection":[{"href":"https:\/\/casafreitas.pt\/loja\/wp-json\/wp\/v2\/product"}],"about":[{"href":"https:\/\/casafreitas.pt\/loja\/wp-json\/wp\/v2\/types\/product"}],"replies":[{"embeddable":true,"href":"https:\/\/casafreitas.pt\/loja\/wp-json\/wp\/v2\/comments?post=95440"}],"version-history":[{"count":1,"href":"https:\/\/casafreitas.pt\/loja\/wp-json\/wp\/v2\/product\/95440\/revisions"}],"predecessor-version":[{"id":95441,"href":"https:\/\/casafreitas.pt\/loja\/wp-json\/wp\/v2\/product\/95440\/revisions\/95441"}],"wp:featuredmedia":[{"embeddable":true,"href":"https:\/\/casafreitas.pt\/loja\/wp-json\/wp\/v2\/media\/95439"}],"wp:attachment":[{"href":"https:\/\/casafreitas.pt\/loja\/wp-json\/wp\/v2\/media?parent=95440"}],"wp:term":[{"taxonomy":"product_brand","embeddable":true,"href":"https:\/\/casafreitas.pt\/loja\/wp-json\/wp\/v2\/product_brand?post=95440"},{"taxonomy":"product_cat","embeddable":true,"href":"https:\/\/casafreitas.pt\/loja\/wp-json\/wp\/v2\/product_cat?post=95440"},{"taxonomy":"product_tag","embeddable":true,"href":"https:\/\/casafreitas.pt\/loja\/wp-json\/wp\/v2\/product_tag?post=95440"}],"curies":[{"name":"wp","href":"https:\/\/api.w.org\/{rel}","templated":true}]}}