{"id":95363,"date":"2025-09-28T22:36:53","date_gmt":"2025-09-28T22:36:53","guid":{"rendered":"https:\/\/casafreitas.pt\/loja\/produto\/lampada-tubular-frigorifico-led-e14-05w-55lm-6400k-luz-fria-o26x6cm\/"},"modified":"2025-10-24T01:07:39","modified_gmt":"2025-10-24T01:07:39","slug":"lampada-tubular-frigorifico-led-e14-05w-55lm-6400k-luz-fria-o26x6cm","status":"publish","type":"product","link":"https:\/\/casafreitas.pt\/loja\/produto\/lampada-tubular-frigorifico-led-e14-05w-55lm-6400k-luz-fria-o26x6cm\/","title":{"rendered":"L\u00e2mpada tubular (frigor\u00edfico) led e14 0,5w 55lm 6400k luz fria \u00f82,6x6cm"},"content":{"rendered":"","protected":false},"excerpt":{"rendered":"<p>L\u00e2mpada tubular (frigor\u00edfico) led e14 0,5w 55lm 6400k luz fria tamanhos: \u00f82,6x6cm 25000 ac 220-240v \u00e2ngulo de abertura: 160\u00b0<\/p>\n","protected":false},"featured_media":95362,"comment_status":"open","ping_status":"closed","template":"","meta":[],"product_brand":[],"product_cat":[17591,18004],"product_tag":[],"class_list":{"0":"post-95363","1":"product","2":"type-product","3":"status-publish","4":"has-post-thumbnail","6":"product_cat-lampadas-frigorifico-construcao","7":"product_cat-construcao","9":"first","10":"instock","11":"taxable","12":"shipping-taxable","13":"purchasable","14":"product-type-simple"},"_links":{"self":[{"href":"https:\/\/casafreitas.pt\/loja\/wp-json\/wp\/v2\/product\/95363","targetHints":{"allow":["GET"]}}],"collection":[{"href":"https:\/\/casafreitas.pt\/loja\/wp-json\/wp\/v2\/product"}],"about":[{"href":"https:\/\/casafreitas.pt\/loja\/wp-json\/wp\/v2\/types\/product"}],"replies":[{"embeddable":true,"href":"https:\/\/casafreitas.pt\/loja\/wp-json\/wp\/v2\/comments?post=95363"}],"version-history":[{"count":1,"href":"https:\/\/casafreitas.pt\/loja\/wp-json\/wp\/v2\/product\/95363\/revisions"}],"predecessor-version":[{"id":95364,"href":"https:\/\/casafreitas.pt\/loja\/wp-json\/wp\/v2\/product\/95363\/revisions\/95364"}],"wp:featuredmedia":[{"embeddable":true,"href":"https:\/\/casafreitas.pt\/loja\/wp-json\/wp\/v2\/media\/95362"}],"wp:attachment":[{"href":"https:\/\/casafreitas.pt\/loja\/wp-json\/wp\/v2\/media?parent=95363"}],"wp:term":[{"taxonomy":"product_brand","embeddable":true,"href":"https:\/\/casafreitas.pt\/loja\/wp-json\/wp\/v2\/product_brand?post=95363"},{"taxonomy":"product_cat","embeddable":true,"href":"https:\/\/casafreitas.pt\/loja\/wp-json\/wp\/v2\/product_cat?post=95363"},{"taxonomy":"product_tag","embeddable":true,"href":"https:\/\/casafreitas.pt\/loja\/wp-json\/wp\/v2\/product_tag?post=95363"}],"curies":[{"name":"wp","href":"https:\/\/api.w.org\/{rel}","templated":true}]}}