{"id":95336,"date":"2025-09-28T22:34:44","date_gmt":"2025-09-28T22:34:44","guid":{"rendered":"https:\/\/casafreitas.pt\/loja\/produto\/lampada-incandescente-refletor-r90-e-27-60-w\/"},"modified":"2025-11-28T22:02:07","modified_gmt":"2025-11-28T22:02:07","slug":"lampada-incandescente-refletor-r90-e-27-60-w","status":"publish","type":"product","link":"https:\/\/casafreitas.pt\/loja\/produto\/lampada-incandescente-refletor-r90-e-27-60-w\/","title":{"rendered":"L\u00e2mpada incandescente refletor r90 e-27 60 w"},"content":{"rendered":"","protected":false},"excerpt":{"rendered":"<p>L\u00e2mpada reflectora incandescente r90 e-27 60 w, 230 v, 2700 k, regul\u00e1vel, \u00e2ngulo de abertura: 100\u00b0, vida \u00fatil estimada: 1000 h, luminosidade: 430 im, dimens\u00f5es: \u00f890 x 120 cm<\/p>\n","protected":false},"featured_media":95335,"comment_status":"open","ping_status":"closed","template":"","meta":[],"product_brand":[],"product_cat":[12897,18004],"product_tag":[],"class_list":{"0":"post-95336","1":"product","2":"type-product","3":"status-publish","4":"has-post-thumbnail","6":"product_cat-incandescente","7":"product_cat-construcao","9":"first","10":"instock","11":"taxable","12":"shipping-taxable","13":"purchasable","14":"product-type-simple"},"_links":{"self":[{"href":"https:\/\/casafreitas.pt\/loja\/wp-json\/wp\/v2\/product\/95336","targetHints":{"allow":["GET"]}}],"collection":[{"href":"https:\/\/casafreitas.pt\/loja\/wp-json\/wp\/v2\/product"}],"about":[{"href":"https:\/\/casafreitas.pt\/loja\/wp-json\/wp\/v2\/types\/product"}],"replies":[{"embeddable":true,"href":"https:\/\/casafreitas.pt\/loja\/wp-json\/wp\/v2\/comments?post=95336"}],"version-history":[{"count":1,"href":"https:\/\/casafreitas.pt\/loja\/wp-json\/wp\/v2\/product\/95336\/revisions"}],"predecessor-version":[{"id":95337,"href":"https:\/\/casafreitas.pt\/loja\/wp-json\/wp\/v2\/product\/95336\/revisions\/95337"}],"wp:featuredmedia":[{"embeddable":true,"href":"https:\/\/casafreitas.pt\/loja\/wp-json\/wp\/v2\/media\/95335"}],"wp:attachment":[{"href":"https:\/\/casafreitas.pt\/loja\/wp-json\/wp\/v2\/media?parent=95336"}],"wp:term":[{"taxonomy":"product_brand","embeddable":true,"href":"https:\/\/casafreitas.pt\/loja\/wp-json\/wp\/v2\/product_brand?post=95336"},{"taxonomy":"product_cat","embeddable":true,"href":"https:\/\/casafreitas.pt\/loja\/wp-json\/wp\/v2\/product_cat?post=95336"},{"taxonomy":"product_tag","embeddable":true,"href":"https:\/\/casafreitas.pt\/loja\/wp-json\/wp\/v2\/product_tag?post=95336"}],"curies":[{"name":"wp","href":"https:\/\/api.w.org\/{rel}","templated":true}]}}