{"id":94829,"date":"2025-09-28T21:46:20","date_gmt":"2025-09-28T21:46:20","guid":{"rendered":"https:\/\/casafreitas.pt\/loja\/produto\/candeeiro-mesa-metalico-vintage-e27-60w-22x51cm-edm\/"},"modified":"2025-10-24T01:02:48","modified_gmt":"2025-10-24T01:02:48","slug":"candeeiro-mesa-metalico-vintage-e27-60w-22x51cm-edm","status":"publish","type":"product","link":"https:\/\/casafreitas.pt\/loja\/produto\/candeeiro-mesa-metalico-vintage-e27-60w-22x51cm-edm\/","title":{"rendered":"Candeeiro de mesa met\u00e1lico vintage e27 60w 22x51cm edm"},"content":{"rendered":"","protected":false},"excerpt":{"rendered":"<p>Candeeiro de mesa met\u00e1lico vintage. pot\u00eancia m\u00e1xima: 60w 50hz (l\u00e2mpada n\u00e3o inclu\u00edda) medidas: 22x51cm uso interno. tens\u00e3o: 220-240v edm<\/p>\n","protected":false},"featured_media":94828,"comment_status":"open","ping_status":"closed","template":"","meta":[],"product_brand":[],"product_cat":[17939,18008],"product_tag":[],"class_list":{"0":"post-94829","1":"product","2":"type-product","3":"status-publish","4":"has-post-thumbnail","6":"product_cat-candeeiros-de-mesa-iluminacao-2","7":"product_cat-iluminacao","9":"first","10":"instock","11":"taxable","12":"shipping-taxable","13":"purchasable","14":"product-type-simple"},"_links":{"self":[{"href":"https:\/\/casafreitas.pt\/loja\/wp-json\/wp\/v2\/product\/94829","targetHints":{"allow":["GET"]}}],"collection":[{"href":"https:\/\/casafreitas.pt\/loja\/wp-json\/wp\/v2\/product"}],"about":[{"href":"https:\/\/casafreitas.pt\/loja\/wp-json\/wp\/v2\/types\/product"}],"replies":[{"embeddable":true,"href":"https:\/\/casafreitas.pt\/loja\/wp-json\/wp\/v2\/comments?post=94829"}],"version-history":[{"count":1,"href":"https:\/\/casafreitas.pt\/loja\/wp-json\/wp\/v2\/product\/94829\/revisions"}],"predecessor-version":[{"id":94830,"href":"https:\/\/casafreitas.pt\/loja\/wp-json\/wp\/v2\/product\/94829\/revisions\/94830"}],"wp:featuredmedia":[{"embeddable":true,"href":"https:\/\/casafreitas.pt\/loja\/wp-json\/wp\/v2\/media\/94828"}],"wp:attachment":[{"href":"https:\/\/casafreitas.pt\/loja\/wp-json\/wp\/v2\/media?parent=94829"}],"wp:term":[{"taxonomy":"product_brand","embeddable":true,"href":"https:\/\/casafreitas.pt\/loja\/wp-json\/wp\/v2\/product_brand?post=94829"},{"taxonomy":"product_cat","embeddable":true,"href":"https:\/\/casafreitas.pt\/loja\/wp-json\/wp\/v2\/product_cat?post=94829"},{"taxonomy":"product_tag","embeddable":true,"href":"https:\/\/casafreitas.pt\/loja\/wp-json\/wp\/v2\/product_tag?post=94829"}],"curies":[{"name":"wp","href":"https:\/\/api.w.org\/{rel}","templated":true}]}}