{"id":94769,"date":"2025-09-28T21:41:22","date_gmt":"2025-09-28T21:41:22","guid":{"rendered":"https:\/\/casafreitas.pt\/loja\/produto\/candeeiro-escritorio-e27-max-40-w-12x-17-x-45-cm-madeira-branco\/"},"modified":"2025-10-24T01:02:36","modified_gmt":"2025-10-24T01:02:36","slug":"candeeiro-escritorio-e27-max-40-w-12x-17-x-45-cm-madeira-branco","status":"publish","type":"product","link":"https:\/\/casafreitas.pt\/loja\/produto\/candeeiro-escritorio-e27-max-40-w-12x-17-x-45-cm-madeira-branco\/","title":{"rendered":"Candeeiro de escrit\u00f3rio, e27, m\u00e1x. 40 w, \u00f8 12x 17 x 45 cm, madeira\/branco."},"content":{"rendered":"","protected":false},"excerpt":{"rendered":"<p>L\u00e2mpada de mesa, e27 max 40 w, \u00f8 12 x 17 x 45 cm, medida base \u00f8 15 x 2 cm cabo 1,50 m madeira natural\/a\u00e7o branco, l\u00e2mpada n\u00e3o inclu\u00edda.<\/p>\n","protected":false},"featured_media":94768,"comment_status":"open","ping_status":"closed","template":"","meta":[],"product_brand":[],"product_cat":[17939,18008],"product_tag":[],"class_list":{"0":"post-94769","1":"product","2":"type-product","3":"status-publish","4":"has-post-thumbnail","6":"product_cat-candeeiros-de-mesa-iluminacao-2","7":"product_cat-iluminacao","9":"first","10":"instock","11":"taxable","12":"shipping-taxable","13":"purchasable","14":"product-type-simple"},"_links":{"self":[{"href":"https:\/\/casafreitas.pt\/loja\/wp-json\/wp\/v2\/product\/94769","targetHints":{"allow":["GET"]}}],"collection":[{"href":"https:\/\/casafreitas.pt\/loja\/wp-json\/wp\/v2\/product"}],"about":[{"href":"https:\/\/casafreitas.pt\/loja\/wp-json\/wp\/v2\/types\/product"}],"replies":[{"embeddable":true,"href":"https:\/\/casafreitas.pt\/loja\/wp-json\/wp\/v2\/comments?post=94769"}],"version-history":[{"count":1,"href":"https:\/\/casafreitas.pt\/loja\/wp-json\/wp\/v2\/product\/94769\/revisions"}],"predecessor-version":[{"id":94770,"href":"https:\/\/casafreitas.pt\/loja\/wp-json\/wp\/v2\/product\/94769\/revisions\/94770"}],"wp:featuredmedia":[{"embeddable":true,"href":"https:\/\/casafreitas.pt\/loja\/wp-json\/wp\/v2\/media\/94768"}],"wp:attachment":[{"href":"https:\/\/casafreitas.pt\/loja\/wp-json\/wp\/v2\/media?parent=94769"}],"wp:term":[{"taxonomy":"product_brand","embeddable":true,"href":"https:\/\/casafreitas.pt\/loja\/wp-json\/wp\/v2\/product_brand?post=94769"},{"taxonomy":"product_cat","embeddable":true,"href":"https:\/\/casafreitas.pt\/loja\/wp-json\/wp\/v2\/product_cat?post=94769"},{"taxonomy":"product_tag","embeddable":true,"href":"https:\/\/casafreitas.pt\/loja\/wp-json\/wp\/v2\/product_tag?post=94769"}],"curies":[{"name":"wp","href":"https:\/\/api.w.org\/{rel}","templated":true}]}}