{"id":94673,"date":"2025-09-28T21:33:52","date_gmt":"2025-09-28T21:33:52","guid":{"rendered":"https:\/\/casafreitas.pt\/loja\/produto\/projector-led-solar-200w-1-500lm-6-500k-ip65-edm\/"},"modified":"2025-10-24T01:02:22","modified_gmt":"2025-10-24T01:02:22","slug":"projector-led-solar-200w-1-500lm-6-500k-ip65-edm","status":"publish","type":"product","link":"https:\/\/casafreitas.pt\/loja\/produto\/projector-led-solar-200w-1-500lm-6-500k-ip65-edm\/","title":{"rendered":"Projector led solar 200w 1.500lm 6.500k ip65 edm"},"content":{"rendered":"","protected":false},"excerpt":{"rendered":"<p>Projetor solar led 200w 1500lm 6500k luz fria ip65 edm. painel solar 6v\/18w, 75 leds, silicone monocristalino. material de l\u00edtio 6v 15000mah 32700, tempo de carregamento 8-10 horas, dura\u00e7\u00e3o 2-3 dias. dimens\u00f5es do painel: 35x35cm, dimens\u00f5es do projector: 23,8&#215;4,3&#215;23,3cm. \u00e1rea de ilumina\u00e7\u00e3o: 12m2. controlo remoto inclu\u00eddo; o foco tem acendimento autom\u00e1tico ao anoitecer e esta fun\u00e7\u00e3o n\u00e3o pode ser desativada permanentemente. ip65 ik05, temperatura de trabalho de -5\u00ba\/+45\u00ba. feito em lente \u00f3ptica e alum\u00ednio, inclui kit de montagem.<\/p>\n","protected":false},"featured_media":94672,"comment_status":"open","ping_status":"closed","template":"","meta":[],"product_brand":[],"product_cat":[17965,18008],"product_tag":[],"class_list":{"0":"post-94673","1":"product","2":"type-product","3":"status-publish","4":"has-post-thumbnail","6":"product_cat-projetores-solares-de-led-iluminacao-2","7":"product_cat-iluminacao","9":"first","10":"instock","11":"taxable","12":"shipping-taxable","13":"purchasable","14":"product-type-simple"},"_links":{"self":[{"href":"https:\/\/casafreitas.pt\/loja\/wp-json\/wp\/v2\/product\/94673","targetHints":{"allow":["GET"]}}],"collection":[{"href":"https:\/\/casafreitas.pt\/loja\/wp-json\/wp\/v2\/product"}],"about":[{"href":"https:\/\/casafreitas.pt\/loja\/wp-json\/wp\/v2\/types\/product"}],"replies":[{"embeddable":true,"href":"https:\/\/casafreitas.pt\/loja\/wp-json\/wp\/v2\/comments?post=94673"}],"version-history":[{"count":1,"href":"https:\/\/casafreitas.pt\/loja\/wp-json\/wp\/v2\/product\/94673\/revisions"}],"predecessor-version":[{"id":94674,"href":"https:\/\/casafreitas.pt\/loja\/wp-json\/wp\/v2\/product\/94673\/revisions\/94674"}],"wp:featuredmedia":[{"embeddable":true,"href":"https:\/\/casafreitas.pt\/loja\/wp-json\/wp\/v2\/media\/94672"}],"wp:attachment":[{"href":"https:\/\/casafreitas.pt\/loja\/wp-json\/wp\/v2\/media?parent=94673"}],"wp:term":[{"taxonomy":"product_brand","embeddable":true,"href":"https:\/\/casafreitas.pt\/loja\/wp-json\/wp\/v2\/product_brand?post=94673"},{"taxonomy":"product_cat","embeddable":true,"href":"https:\/\/casafreitas.pt\/loja\/wp-json\/wp\/v2\/product_cat?post=94673"},{"taxonomy":"product_tag","embeddable":true,"href":"https:\/\/casafreitas.pt\/loja\/wp-json\/wp\/v2\/product_tag?post=94673"}],"curies":[{"name":"wp","href":"https:\/\/api.w.org\/{rel}","templated":true}]}}