{"id":94556,"date":"2025-09-28T21:21:46","date_gmt":"2025-09-28T21:21:46","guid":{"rendered":"https:\/\/casafreitas.pt\/loja\/produto\/reatancia-para-tubo-fluorescente-20w-230v-edm\/"},"modified":"2025-10-24T01:01:56","modified_gmt":"2025-10-24T01:01:56","slug":"reatancia-para-tubo-fluorescente-20w-230v-edm","status":"publish","type":"product","link":"https:\/\/casafreitas.pt\/loja\/produto\/reatancia-para-tubo-fluorescente-20w-230v-edm\/","title":{"rendered":"Reat\u00e2ncia para tubo fluorescente 20w 230v edm"},"content":{"rendered":"","protected":false},"excerpt":{"rendered":"<p>Reat\u00e2ncia para tubo fluorescente de 20w tamanho: 15,5x3cm tens\u00e3o: 230v edm<\/p>\n","protected":false},"featured_media":94555,"comment_status":"open","ping_status":"closed","template":"","meta":[],"product_brand":[],"product_cat":[17966,18008],"product_tag":[],"class_list":{"0":"post-94556","1":"product","2":"type-product","3":"status-publish","4":"has-post-thumbnail","6":"product_cat-reactancias-e-transformadores-iluminacao-2","7":"product_cat-iluminacao","9":"first","10":"instock","11":"taxable","12":"shipping-taxable","13":"purchasable","14":"product-type-simple"},"_links":{"self":[{"href":"https:\/\/casafreitas.pt\/loja\/wp-json\/wp\/v2\/product\/94556","targetHints":{"allow":["GET"]}}],"collection":[{"href":"https:\/\/casafreitas.pt\/loja\/wp-json\/wp\/v2\/product"}],"about":[{"href":"https:\/\/casafreitas.pt\/loja\/wp-json\/wp\/v2\/types\/product"}],"replies":[{"embeddable":true,"href":"https:\/\/casafreitas.pt\/loja\/wp-json\/wp\/v2\/comments?post=94556"}],"version-history":[{"count":1,"href":"https:\/\/casafreitas.pt\/loja\/wp-json\/wp\/v2\/product\/94556\/revisions"}],"predecessor-version":[{"id":94557,"href":"https:\/\/casafreitas.pt\/loja\/wp-json\/wp\/v2\/product\/94556\/revisions\/94557"}],"wp:featuredmedia":[{"embeddable":true,"href":"https:\/\/casafreitas.pt\/loja\/wp-json\/wp\/v2\/media\/94555"}],"wp:attachment":[{"href":"https:\/\/casafreitas.pt\/loja\/wp-json\/wp\/v2\/media?parent=94556"}],"wp:term":[{"taxonomy":"product_brand","embeddable":true,"href":"https:\/\/casafreitas.pt\/loja\/wp-json\/wp\/v2\/product_brand?post=94556"},{"taxonomy":"product_cat","embeddable":true,"href":"https:\/\/casafreitas.pt\/loja\/wp-json\/wp\/v2\/product_cat?post=94556"},{"taxonomy":"product_tag","embeddable":true,"href":"https:\/\/casafreitas.pt\/loja\/wp-json\/wp\/v2\/product_tag?post=94556"}],"curies":[{"name":"wp","href":"https:\/\/api.w.org\/{rel}","templated":true}]}}