{"id":94370,"date":"2025-09-28T21:04:43","date_gmt":"2025-09-28T21:04:43","guid":{"rendered":"https:\/\/casafreitas.pt\/loja\/produto\/fita-led-electronica-48-w-6-400-k-luz-fria-5-160-lm-150-x-46-x-51-cm\/"},"modified":"2025-10-24T01:01:49","modified_gmt":"2025-10-24T01:01:49","slug":"fita-led-electronica-48-w-6-400-k-luz-fria-5-160-lm-150-x-46-x-51-cm","status":"publish","type":"product","link":"https:\/\/casafreitas.pt\/loja\/produto\/fita-led-electronica-48-w-6-400-k-luz-fria-5-160-lm-150-x-46-x-51-cm\/","title":{"rendered":"Fita led electr\u00f3nica 48 w 6.400 k luz fria 5.160 lm 150 x 4,6 x 5,1 cm"},"content":{"rendered":"","protected":false},"excerpt":{"rendered":"<p>Fita led electr\u00f3nica 48 w 6.400 k luz fria ip65 252 leds, 5.160 lm. n\u00e3o regular, r\u00e1pido, sem trilho, \u00e2ngulo de luz 110\u00b0. n\u00e3o interconect\u00e1vel. ra&gt;80 115ma 220,240v-50hz. medidas: 150 x 4,6 x 5,1cm. 25.000 horas<\/p>\n","protected":false},"featured_media":94369,"comment_status":"open","ping_status":"closed","template":"","meta":[],"product_brand":[],"product_cat":[17935,18008],"product_tag":[],"class_list":{"0":"post-94370","1":"product","2":"type-product","3":"status-publish","4":"has-post-thumbnail","6":"product_cat-armaduras-de-exterior-iluminacao","7":"product_cat-iluminacao","9":"first","10":"instock","11":"taxable","12":"shipping-taxable","13":"purchasable","14":"product-type-simple"},"_links":{"self":[{"href":"https:\/\/casafreitas.pt\/loja\/wp-json\/wp\/v2\/product\/94370","targetHints":{"allow":["GET"]}}],"collection":[{"href":"https:\/\/casafreitas.pt\/loja\/wp-json\/wp\/v2\/product"}],"about":[{"href":"https:\/\/casafreitas.pt\/loja\/wp-json\/wp\/v2\/types\/product"}],"replies":[{"embeddable":true,"href":"https:\/\/casafreitas.pt\/loja\/wp-json\/wp\/v2\/comments?post=94370"}],"version-history":[{"count":1,"href":"https:\/\/casafreitas.pt\/loja\/wp-json\/wp\/v2\/product\/94370\/revisions"}],"predecessor-version":[{"id":94371,"href":"https:\/\/casafreitas.pt\/loja\/wp-json\/wp\/v2\/product\/94370\/revisions\/94371"}],"wp:featuredmedia":[{"embeddable":true,"href":"https:\/\/casafreitas.pt\/loja\/wp-json\/wp\/v2\/media\/94369"}],"wp:attachment":[{"href":"https:\/\/casafreitas.pt\/loja\/wp-json\/wp\/v2\/media?parent=94370"}],"wp:term":[{"taxonomy":"product_brand","embeddable":true,"href":"https:\/\/casafreitas.pt\/loja\/wp-json\/wp\/v2\/product_brand?post=94370"},{"taxonomy":"product_cat","embeddable":true,"href":"https:\/\/casafreitas.pt\/loja\/wp-json\/wp\/v2\/product_cat?post=94370"},{"taxonomy":"product_tag","embeddable":true,"href":"https:\/\/casafreitas.pt\/loja\/wp-json\/wp\/v2\/product_tag?post=94370"}],"curies":[{"name":"wp","href":"https:\/\/api.w.org\/{rel}","templated":true}]}}