{"id":93779,"date":"2025-09-27T20:55:48","date_gmt":"2025-09-27T20:55:48","guid":{"rendered":"https:\/\/casafreitas.pt\/loja\/produto\/lubrificante-silicone-250ml-34468-3-em-1\/"},"modified":"2025-10-24T01:00:48","modified_gmt":"2025-10-24T01:00:48","slug":"lubrificante-silicone-250ml-34468-3-em-1","status":"publish","type":"product","link":"https:\/\/casafreitas.pt\/loja\/produto\/lubrificante-silicone-250ml-34468-3-em-1\/","title":{"rendered":"Lubrificante de silicone 250ml 34468 3 em 1"},"content":{"rendered":"","protected":false},"excerpt":{"rendered":"<p>Lubrificante de silicone 250ml 3 em 1. lubrificante e prote\u00e7\u00e3o de larga dura\u00e7\u00e3o em metais, borrachas, madeira e pl\u00e1sticos. reduz a fric\u00e7\u00e3o entre superc\u00edfies e repela a \u00e1gua. f\u00f3rmula de secagem r\u00e1pida, anti-gotas. tamb\u00e9m protege as pe\u00e7as eletricas e atua como isolante eletrico. resiste a altas temperaturas (-40\u00b0c a +200\u00b0c). compat\u00edvel com a industria aliment\u00e1ria: registro nsf: 130363 categor\u00eda: h2.<\/p>\n","protected":false},"featured_media":93778,"comment_status":"open","ping_status":"closed","template":"","meta":[],"product_brand":[],"product_cat":[17598,18004],"product_tag":[],"class_list":{"0":"post-93779","1":"product","2":"type-product","3":"status-publish","4":"has-post-thumbnail","6":"product_cat-lubrificantes-oleos-construcao","7":"product_cat-construcao","9":"first","10":"instock","11":"taxable","12":"shipping-taxable","13":"purchasable","14":"product-type-simple"},"_links":{"self":[{"href":"https:\/\/casafreitas.pt\/loja\/wp-json\/wp\/v2\/product\/93779","targetHints":{"allow":["GET"]}}],"collection":[{"href":"https:\/\/casafreitas.pt\/loja\/wp-json\/wp\/v2\/product"}],"about":[{"href":"https:\/\/casafreitas.pt\/loja\/wp-json\/wp\/v2\/types\/product"}],"replies":[{"embeddable":true,"href":"https:\/\/casafreitas.pt\/loja\/wp-json\/wp\/v2\/comments?post=93779"}],"version-history":[{"count":1,"href":"https:\/\/casafreitas.pt\/loja\/wp-json\/wp\/v2\/product\/93779\/revisions"}],"predecessor-version":[{"id":93780,"href":"https:\/\/casafreitas.pt\/loja\/wp-json\/wp\/v2\/product\/93779\/revisions\/93780"}],"wp:featuredmedia":[{"embeddable":true,"href":"https:\/\/casafreitas.pt\/loja\/wp-json\/wp\/v2\/media\/93778"}],"wp:attachment":[{"href":"https:\/\/casafreitas.pt\/loja\/wp-json\/wp\/v2\/media?parent=93779"}],"wp:term":[{"taxonomy":"product_brand","embeddable":true,"href":"https:\/\/casafreitas.pt\/loja\/wp-json\/wp\/v2\/product_brand?post=93779"},{"taxonomy":"product_cat","embeddable":true,"href":"https:\/\/casafreitas.pt\/loja\/wp-json\/wp\/v2\/product_cat?post=93779"},{"taxonomy":"product_tag","embeddable":true,"href":"https:\/\/casafreitas.pt\/loja\/wp-json\/wp\/v2\/product_tag?post=93779"}],"curies":[{"name":"wp","href":"https:\/\/api.w.org\/{rel}","templated":true}]}}