{"id":93141,"date":"2025-09-27T15:20:59","date_gmt":"2025-09-27T15:20:59","guid":{"rendered":"https:\/\/casafreitas.pt\/loja\/produto\/anti-acaros-purificador-ar-para-casa-r-502-radarcan\/"},"modified":"2025-10-24T01:00:28","modified_gmt":"2025-10-24T01:00:28","slug":"anti-acaros-purificador-ar-para-casa-r-502-radarcan","status":"publish","type":"product","link":"https:\/\/casafreitas.pt\/loja\/produto\/anti-acaros-purificador-ar-para-casa-r-502-radarcan\/","title":{"rendered":"Anti-acaros e purificador de ar para casa r 502 radarcan"},"content":{"rendered":"","protected":false},"excerpt":{"rendered":"<p>Anti-acaros e purificador de ar para casa. com tecnologia insonuerit6. o que atua sobre os acaros combantendo-os, modificando o seu ciclo biologico. a sua a\u00e7\u00e3o \u00e9 preventiva e melhora o ambiente do espa\u00e7o onde o tenha instalado. com tecnologia ion.evo 1.0 que se encarrega de equilibrar o meio ambiente atrav\u00e9s uma elevada produ\u00e7\u00e3o de i\u00f5es negativos beneficos e nos proporciona bem-estar fisico e conforto ambiental no interior da nossa casa. \u00e0rea 25m\u00b2 110\/230v ac, 0,4\/2w 4,6&#215;2,8&#215;7,5cm (largura\/profundidade\/altura) 20.000.000 i\u00f5es\/cm\u00b3 (medido 15cm). sem quimicos nem recargas. radarcan<\/p>\n","protected":false},"featured_media":93140,"comment_status":"open","ping_status":"closed","template":"","meta":[],"product_brand":[],"product_cat":[17927,18010],"product_tag":[],"class_list":{"0":"post-93141","1":"product","2":"type-product","3":"status-publish","4":"has-post-thumbnail","6":"product_cat-repelentes-ultrassonicos-limpeza-e-higiene-pessoal","7":"product_cat-limpeza-higiene-pessoal","9":"first","10":"instock","11":"taxable","12":"shipping-taxable","13":"purchasable","14":"product-type-simple"},"_links":{"self":[{"href":"https:\/\/casafreitas.pt\/loja\/wp-json\/wp\/v2\/product\/93141","targetHints":{"allow":["GET"]}}],"collection":[{"href":"https:\/\/casafreitas.pt\/loja\/wp-json\/wp\/v2\/product"}],"about":[{"href":"https:\/\/casafreitas.pt\/loja\/wp-json\/wp\/v2\/types\/product"}],"replies":[{"embeddable":true,"href":"https:\/\/casafreitas.pt\/loja\/wp-json\/wp\/v2\/comments?post=93141"}],"version-history":[{"count":1,"href":"https:\/\/casafreitas.pt\/loja\/wp-json\/wp\/v2\/product\/93141\/revisions"}],"predecessor-version":[{"id":93142,"href":"https:\/\/casafreitas.pt\/loja\/wp-json\/wp\/v2\/product\/93141\/revisions\/93142"}],"wp:featuredmedia":[{"embeddable":true,"href":"https:\/\/casafreitas.pt\/loja\/wp-json\/wp\/v2\/media\/93140"}],"wp:attachment":[{"href":"https:\/\/casafreitas.pt\/loja\/wp-json\/wp\/v2\/media?parent=93141"}],"wp:term":[{"taxonomy":"product_brand","embeddable":true,"href":"https:\/\/casafreitas.pt\/loja\/wp-json\/wp\/v2\/product_brand?post=93141"},{"taxonomy":"product_cat","embeddable":true,"href":"https:\/\/casafreitas.pt\/loja\/wp-json\/wp\/v2\/product_cat?post=93141"},{"taxonomy":"product_tag","embeddable":true,"href":"https:\/\/casafreitas.pt\/loja\/wp-json\/wp\/v2\/product_tag?post=93141"}],"curies":[{"name":"wp","href":"https:\/\/api.w.org\/{rel}","templated":true}]}}