{"id":92364,"date":"2025-09-26T13:30:02","date_gmt":"2025-09-26T13:30:02","guid":{"rendered":"https:\/\/casafreitas.pt\/loja\/produto\/ferramenta-elevacao-transporte-v0103237-innovagoods\/"},"modified":"2025-10-24T00:59:34","modified_gmt":"2025-10-24T00:59:34","slug":"ferramenta-elevacao-transporte-v0103237-innovagoods","status":"publish","type":"product","link":"https:\/\/casafreitas.pt\/loja\/produto\/ferramenta-elevacao-transporte-v0103237-innovagoods\/","title":{"rendered":"Ferramenta de eleva\u00e7\u00e3o e transporte v0103237 innovagoods"},"content":{"rendered":"","protected":false},"excerpt":{"rendered":"<p>Ferramenta de eleva\u00e7\u00e3o e transporte v0103237 innovagoods. uma vers\u00e1til e resistente ferramenta que permite mover com facilidade objetos pesados num entorno dom\u00e9stico, como m\u00f3veis, caixas pesadas, eletrodom\u00e9sticos, etc gra\u00e7as ao seu original e inovador design multifun\u00e7\u00f5es, permite levantar, colocar, deslizar, ajustar e nivelar com total comodidade. adapta-se completamente \u00e0 dire\u00e7\u00e3o de transporte desejada de forma simples com o m\u00ednimo de esfor\u00e7o, j\u00e1 que, consta de alavanca elevador ergon\u00f3mico e antiderrapante com capacidade para rodar at\u00e9 180\u00b0 e de 4 pe\u00e7as de suporte com rodas que podem rodar at\u00e9 360\u00b0. a alavanca elevadora suporta at\u00e9 200kg e as pe\u00e7as com rodas suportam at\u00e9 150kg. al\u00e9m disso, ao ser uma ferramenta manual compacta e leve pode-se transportar e guardar facilmente, j\u00e1 que, apena<\/p>\n","protected":false},"featured_media":92363,"comment_status":"open","ping_status":"closed","template":"","meta":[],"product_brand":[],"product_cat":[15512,11488],"product_tag":[],"class_list":{"0":"post-92364","1":"product","2":"type-product","3":"status-publish","4":"has-post-thumbnail","6":"product_cat-diversos-ferramentas-17","7":"product_cat-ferramentas","9":"first","10":"instock","11":"taxable","12":"shipping-taxable","13":"purchasable","14":"product-type-simple"},"_links":{"self":[{"href":"https:\/\/casafreitas.pt\/loja\/wp-json\/wp\/v2\/product\/92364","targetHints":{"allow":["GET"]}}],"collection":[{"href":"https:\/\/casafreitas.pt\/loja\/wp-json\/wp\/v2\/product"}],"about":[{"href":"https:\/\/casafreitas.pt\/loja\/wp-json\/wp\/v2\/types\/product"}],"replies":[{"embeddable":true,"href":"https:\/\/casafreitas.pt\/loja\/wp-json\/wp\/v2\/comments?post=92364"}],"version-history":[{"count":1,"href":"https:\/\/casafreitas.pt\/loja\/wp-json\/wp\/v2\/product\/92364\/revisions"}],"predecessor-version":[{"id":92365,"href":"https:\/\/casafreitas.pt\/loja\/wp-json\/wp\/v2\/product\/92364\/revisions\/92365"}],"wp:featuredmedia":[{"embeddable":true,"href":"https:\/\/casafreitas.pt\/loja\/wp-json\/wp\/v2\/media\/92363"}],"wp:attachment":[{"href":"https:\/\/casafreitas.pt\/loja\/wp-json\/wp\/v2\/media?parent=92364"}],"wp:term":[{"taxonomy":"product_brand","embeddable":true,"href":"https:\/\/casafreitas.pt\/loja\/wp-json\/wp\/v2\/product_brand?post=92364"},{"taxonomy":"product_cat","embeddable":true,"href":"https:\/\/casafreitas.pt\/loja\/wp-json\/wp\/v2\/product_cat?post=92364"},{"taxonomy":"product_tag","embeddable":true,"href":"https:\/\/casafreitas.pt\/loja\/wp-json\/wp\/v2\/product_tag?post=92364"}],"curies":[{"name":"wp","href":"https:\/\/api.w.org\/{rel}","templated":true}]}}