{"id":90264,"date":"2025-09-26T11:34:23","date_gmt":"2025-09-26T11:34:23","guid":{"rendered":"https:\/\/casafreitas.pt\/loja\/produto\/manilha-inox-aisi316-6-mm\/"},"modified":"2025-10-24T00:57:29","modified_gmt":"2025-10-24T00:57:29","slug":"manilha-inox-aisi316-6-mm","status":"publish","type":"product","link":"https:\/\/casafreitas.pt\/loja\/produto\/manilha-inox-aisi316-6-mm\/","title":{"rendered":"Manilha inox aisi316 6 mm"},"content":{"rendered":"","protected":false},"excerpt":{"rendered":"<p>Manilha inox aisi316 6 mm 1\/4&#8243;. resistente \u00e0 corros\u00e3o. perfeitas para trabalhos de amarre e fixa\u00e7\u00e3o, decorativos, para arquitetura e marinha de recreio, etc. capacidade de carga:300 kg.<\/p>\n","protected":false},"featured_media":90263,"comment_status":"open","ping_status":"closed","template":"","meta":[],"product_brand":[],"product_cat":[11488,17475],"product_tag":[],"class_list":{"0":"post-90264","1":"product","2":"type-product","3":"status-publish","4":"has-post-thumbnail","6":"product_cat-ferramentas","7":"product_cat-mosquetoes-redes-manilhoes-ferramentas","9":"first","10":"instock","11":"taxable","12":"shipping-taxable","13":"purchasable","14":"product-type-simple"},"_links":{"self":[{"href":"https:\/\/casafreitas.pt\/loja\/wp-json\/wp\/v2\/product\/90264","targetHints":{"allow":["GET"]}}],"collection":[{"href":"https:\/\/casafreitas.pt\/loja\/wp-json\/wp\/v2\/product"}],"about":[{"href":"https:\/\/casafreitas.pt\/loja\/wp-json\/wp\/v2\/types\/product"}],"replies":[{"embeddable":true,"href":"https:\/\/casafreitas.pt\/loja\/wp-json\/wp\/v2\/comments?post=90264"}],"version-history":[{"count":1,"href":"https:\/\/casafreitas.pt\/loja\/wp-json\/wp\/v2\/product\/90264\/revisions"}],"predecessor-version":[{"id":90265,"href":"https:\/\/casafreitas.pt\/loja\/wp-json\/wp\/v2\/product\/90264\/revisions\/90265"}],"wp:featuredmedia":[{"embeddable":true,"href":"https:\/\/casafreitas.pt\/loja\/wp-json\/wp\/v2\/media\/90263"}],"wp:attachment":[{"href":"https:\/\/casafreitas.pt\/loja\/wp-json\/wp\/v2\/media?parent=90264"}],"wp:term":[{"taxonomy":"product_brand","embeddable":true,"href":"https:\/\/casafreitas.pt\/loja\/wp-json\/wp\/v2\/product_brand?post=90264"},{"taxonomy":"product_cat","embeddable":true,"href":"https:\/\/casafreitas.pt\/loja\/wp-json\/wp\/v2\/product_cat?post=90264"},{"taxonomy":"product_tag","embeddable":true,"href":"https:\/\/casafreitas.pt\/loja\/wp-json\/wp\/v2\/product_tag?post=90264"}],"curies":[{"name":"wp","href":"https:\/\/api.w.org\/{rel}","templated":true}]}}