{"id":89697,"date":"2025-09-26T10:55:53","date_gmt":"2025-09-26T10:55:53","guid":{"rendered":"https:\/\/casafreitas.pt\/loja\/produto\/berbequim-percutor-18v-bdchd18kb-qw-blackdecker\/"},"modified":"2025-10-24T00:56:54","modified_gmt":"2025-10-24T00:56:54","slug":"berbequim-percutor-18v-bdchd18kb-qw-blackdecker","status":"publish","type":"product","link":"https:\/\/casafreitas.pt\/loja\/produto\/berbequim-percutor-18v-bdchd18kb-qw-blackdecker\/","title":{"rendered":"Berbequim percutor 18v bdchd18kb-qw black+decker"},"content":{"rendered":"","protected":false},"excerpt":{"rendered":"<p>Broca de martelo 18v bdchd18kb-qw black+decker 1.5a. fun\u00e7\u00e3o revers\u00edvel. mandril 10mm. torque m\u00e1ximo 40nm. 11 posi\u00e7\u00f5es de torque. capacidade de perfura\u00e7\u00e3o: (madeira) 25mm (a\u00e7o) 10mm. (alvenaria) 10mm velocidade: 0-1400rpm. 21.000ipm. inclui carregador. 2 baterias de l\u00edtio. tempo de carregamento 3h. compacto e leve. com caso de transporte.<\/p>\n","protected":false},"featured_media":89696,"comment_status":"open","ping_status":"closed","template":"","meta":[],"product_brand":[],"product_cat":[11488,17468],"product_tag":[],"class_list":{"0":"post-89697","1":"product","2":"type-product","3":"status-publish","4":"has-post-thumbnail","6":"product_cat-ferramentas","7":"product_cat-maquinas-de-perfuracao-ferramentas","9":"first","10":"instock","11":"taxable","12":"shipping-taxable","13":"purchasable","14":"product-type-simple"},"_links":{"self":[{"href":"https:\/\/casafreitas.pt\/loja\/wp-json\/wp\/v2\/product\/89697","targetHints":{"allow":["GET"]}}],"collection":[{"href":"https:\/\/casafreitas.pt\/loja\/wp-json\/wp\/v2\/product"}],"about":[{"href":"https:\/\/casafreitas.pt\/loja\/wp-json\/wp\/v2\/types\/product"}],"replies":[{"embeddable":true,"href":"https:\/\/casafreitas.pt\/loja\/wp-json\/wp\/v2\/comments?post=89697"}],"version-history":[{"count":1,"href":"https:\/\/casafreitas.pt\/loja\/wp-json\/wp\/v2\/product\/89697\/revisions"}],"predecessor-version":[{"id":89698,"href":"https:\/\/casafreitas.pt\/loja\/wp-json\/wp\/v2\/product\/89697\/revisions\/89698"}],"wp:featuredmedia":[{"embeddable":true,"href":"https:\/\/casafreitas.pt\/loja\/wp-json\/wp\/v2\/media\/89696"}],"wp:attachment":[{"href":"https:\/\/casafreitas.pt\/loja\/wp-json\/wp\/v2\/media?parent=89697"}],"wp:term":[{"taxonomy":"product_brand","embeddable":true,"href":"https:\/\/casafreitas.pt\/loja\/wp-json\/wp\/v2\/product_brand?post=89697"},{"taxonomy":"product_cat","embeddable":true,"href":"https:\/\/casafreitas.pt\/loja\/wp-json\/wp\/v2\/product_cat?post=89697"},{"taxonomy":"product_tag","embeddable":true,"href":"https:\/\/casafreitas.pt\/loja\/wp-json\/wp\/v2\/product_tag?post=89697"}],"curies":[{"name":"wp","href":"https:\/\/api.w.org\/{rel}","templated":true}]}}