{"id":89649,"date":"2025-09-26T10:53:22","date_gmt":"2025-09-26T10:53:22","guid":{"rendered":"https:\/\/casafreitas.pt\/loja\/produto\/martelo-eletrico-ha150032qek\/"},"modified":"2025-10-24T00:56:52","modified_gmt":"2025-10-24T00:56:52","slug":"martelo-eletrico-ha150032qek","status":"publish","type":"product","link":"https:\/\/casafreitas.pt\/loja\/produto\/martelo-eletrico-ha150032qek\/","title":{"rendered":"Martelo el\u00e9trico ha150032qek"},"content":{"rendered":"","protected":false},"excerpt":{"rendered":"<p>Martelo pesado. pot\u00eancia: 1500 w velocidade: 0-880 r.p.m. impactos por minuto: 0-4320 i.p.m. perfura\u00e7\u00e3o de bet\u00e3o de 32 mm. energia de impacto 5,5 j. inclui 5 sds plus acess\u00f3rios para uma ader\u00eancia perfeita<\/p>\n","protected":false},"featured_media":89648,"comment_status":"open","ping_status":"closed","template":"","meta":[],"product_brand":[],"product_cat":[11488,17470],"product_tag":[12709],"class_list":{"0":"post-89649","1":"product","2":"type-product","3":"status-publish","4":"has-post-thumbnail","6":"product_cat-ferramentas","7":"product_cat-martelos-ferramentas","8":"product_tag-casals","10":"first","11":"instock","12":"taxable","13":"shipping-taxable","14":"purchasable","15":"product-type-simple"},"_links":{"self":[{"href":"https:\/\/casafreitas.pt\/loja\/wp-json\/wp\/v2\/product\/89649","targetHints":{"allow":["GET"]}}],"collection":[{"href":"https:\/\/casafreitas.pt\/loja\/wp-json\/wp\/v2\/product"}],"about":[{"href":"https:\/\/casafreitas.pt\/loja\/wp-json\/wp\/v2\/types\/product"}],"replies":[{"embeddable":true,"href":"https:\/\/casafreitas.pt\/loja\/wp-json\/wp\/v2\/comments?post=89649"}],"version-history":[{"count":1,"href":"https:\/\/casafreitas.pt\/loja\/wp-json\/wp\/v2\/product\/89649\/revisions"}],"predecessor-version":[{"id":89650,"href":"https:\/\/casafreitas.pt\/loja\/wp-json\/wp\/v2\/product\/89649\/revisions\/89650"}],"wp:featuredmedia":[{"embeddable":true,"href":"https:\/\/casafreitas.pt\/loja\/wp-json\/wp\/v2\/media\/89648"}],"wp:attachment":[{"href":"https:\/\/casafreitas.pt\/loja\/wp-json\/wp\/v2\/media?parent=89649"}],"wp:term":[{"taxonomy":"product_brand","embeddable":true,"href":"https:\/\/casafreitas.pt\/loja\/wp-json\/wp\/v2\/product_brand?post=89649"},{"taxonomy":"product_cat","embeddable":true,"href":"https:\/\/casafreitas.pt\/loja\/wp-json\/wp\/v2\/product_cat?post=89649"},{"taxonomy":"product_tag","embeddable":true,"href":"https:\/\/casafreitas.pt\/loja\/wp-json\/wp\/v2\/product_tag?post=89649"}],"curies":[{"name":"wp","href":"https:\/\/api.w.org\/{rel}","templated":true}]}}