{"id":89643,"date":"2025-09-26T10:53:03","date_gmt":"2025-09-26T10:53:03","guid":{"rendered":"https:\/\/casafreitas.pt\/loja\/produto\/multiferramenta-com-cabo-mt300ek-300-w\/"},"modified":"2025-10-24T00:56:51","modified_gmt":"2025-10-24T00:56:51","slug":"multiferramenta-com-cabo-mt300ek-300-w","status":"publish","type":"product","link":"https:\/\/casafreitas.pt\/loja\/produto\/multiferramenta-com-cabo-mt300ek-300-w\/","title":{"rendered":"Multiferramenta com cabo mt300ek 300 w"},"content":{"rendered":"","protected":false},"excerpt":{"rendered":"<p>Multiferramenta com fio. pot\u00eancia de 300 w 230-240 v, velocidade vari\u00e1vel 15000-22000 rpm. oscila\u00e7\u00e3o de 2,8\u00b0. acess\u00f3rios inclu\u00eddos: 3 lixas, 1 adaptador de acess\u00f3rios, 1 raspador r\u00edgido, 1 serra para madeira e metal e 1 chave allen<\/p>\n","protected":false},"featured_media":89642,"comment_status":"open","ping_status":"closed","template":"","meta":[],"product_brand":[],"product_cat":[11488,17478],"product_tag":[12709],"class_list":{"0":"post-89643","1":"product","2":"type-product","3":"status-publish","4":"has-post-thumbnail","6":"product_cat-ferramentas","7":"product_cat-multi-ferramentas-ferramentas","8":"product_tag-casals","10":"first","11":"instock","12":"taxable","13":"shipping-taxable","14":"purchasable","15":"product-type-simple"},"_links":{"self":[{"href":"https:\/\/casafreitas.pt\/loja\/wp-json\/wp\/v2\/product\/89643","targetHints":{"allow":["GET"]}}],"collection":[{"href":"https:\/\/casafreitas.pt\/loja\/wp-json\/wp\/v2\/product"}],"about":[{"href":"https:\/\/casafreitas.pt\/loja\/wp-json\/wp\/v2\/types\/product"}],"replies":[{"embeddable":true,"href":"https:\/\/casafreitas.pt\/loja\/wp-json\/wp\/v2\/comments?post=89643"}],"version-history":[{"count":1,"href":"https:\/\/casafreitas.pt\/loja\/wp-json\/wp\/v2\/product\/89643\/revisions"}],"predecessor-version":[{"id":89644,"href":"https:\/\/casafreitas.pt\/loja\/wp-json\/wp\/v2\/product\/89643\/revisions\/89644"}],"wp:featuredmedia":[{"embeddable":true,"href":"https:\/\/casafreitas.pt\/loja\/wp-json\/wp\/v2\/media\/89642"}],"wp:attachment":[{"href":"https:\/\/casafreitas.pt\/loja\/wp-json\/wp\/v2\/media?parent=89643"}],"wp:term":[{"taxonomy":"product_brand","embeddable":true,"href":"https:\/\/casafreitas.pt\/loja\/wp-json\/wp\/v2\/product_brand?post=89643"},{"taxonomy":"product_cat","embeddable":true,"href":"https:\/\/casafreitas.pt\/loja\/wp-json\/wp\/v2\/product_cat?post=89643"},{"taxonomy":"product_tag","embeddable":true,"href":"https:\/\/casafreitas.pt\/loja\/wp-json\/wp\/v2\/product_tag?post=89643"}],"curies":[{"name":"wp","href":"https:\/\/api.w.org\/{rel}","templated":true}]}}