{"id":88248,"date":"2025-09-26T09:07:36","date_gmt":"2025-09-26T09:07:36","guid":{"rendered":"https:\/\/casafreitas.pt\/loja\/produto\/raspador-vitroceramico-presto-tescoma\/"},"modified":"2025-10-24T00:55:28","modified_gmt":"2025-10-24T00:55:28","slug":"raspador-vitroceramico-presto-tescoma","status":"publish","type":"product","link":"https:\/\/casafreitas.pt\/loja\/produto\/raspador-vitroceramico-presto-tescoma\/","title":{"rendered":"Raspador vitrocer\u00e2mico presto. tescoma"},"content":{"rendered":"","protected":false},"excerpt":{"rendered":"<p>Raspador vitrocer\u00e2mico presto. remove facilmente impurezas e escaras queimadas de placas de vitrocer\u00e2mica e de indu\u00e7\u00e3o, superf\u00edcies de vidro liso e porcelana, etc. fornecido com l\u00e2mina de substitui\u00e7\u00e3o. feito em a\u00e7o inoxid\u00e1vel de alta qualidade e pl\u00e1stico resistente. garantia de 3 anos. tescoma<\/p>\n","protected":false},"featured_media":88247,"comment_status":"open","ping_status":"closed","template":"","meta":[],"product_brand":[],"product_cat":[11488,14177],"product_tag":[],"class_list":{"0":"post-88248","1":"product","2":"type-product","3":"status-publish","4":"has-post-thumbnail","6":"product_cat-ferramentas","7":"product_cat-ferramentas-de-corte-ferramentas","9":"first","10":"instock","11":"taxable","12":"shipping-taxable","13":"purchasable","14":"product-type-simple"},"_links":{"self":[{"href":"https:\/\/casafreitas.pt\/loja\/wp-json\/wp\/v2\/product\/88248","targetHints":{"allow":["GET"]}}],"collection":[{"href":"https:\/\/casafreitas.pt\/loja\/wp-json\/wp\/v2\/product"}],"about":[{"href":"https:\/\/casafreitas.pt\/loja\/wp-json\/wp\/v2\/types\/product"}],"replies":[{"embeddable":true,"href":"https:\/\/casafreitas.pt\/loja\/wp-json\/wp\/v2\/comments?post=88248"}],"version-history":[{"count":1,"href":"https:\/\/casafreitas.pt\/loja\/wp-json\/wp\/v2\/product\/88248\/revisions"}],"predecessor-version":[{"id":88249,"href":"https:\/\/casafreitas.pt\/loja\/wp-json\/wp\/v2\/product\/88248\/revisions\/88249"}],"wp:featuredmedia":[{"embeddable":true,"href":"https:\/\/casafreitas.pt\/loja\/wp-json\/wp\/v2\/media\/88247"}],"wp:attachment":[{"href":"https:\/\/casafreitas.pt\/loja\/wp-json\/wp\/v2\/media?parent=88248"}],"wp:term":[{"taxonomy":"product_brand","embeddable":true,"href":"https:\/\/casafreitas.pt\/loja\/wp-json\/wp\/v2\/product_brand?post=88248"},{"taxonomy":"product_cat","embeddable":true,"href":"https:\/\/casafreitas.pt\/loja\/wp-json\/wp\/v2\/product_cat?post=88248"},{"taxonomy":"product_tag","embeddable":true,"href":"https:\/\/casafreitas.pt\/loja\/wp-json\/wp\/v2\/product_tag?post=88248"}],"curies":[{"name":"wp","href":"https:\/\/api.w.org\/{rel}","templated":true}]}}