{"id":88212,"date":"2025-09-26T09:05:42","date_gmt":"2025-09-26T09:05:42","guid":{"rendered":"https:\/\/casafreitas.pt\/loja\/produto\/pack-4-maxtra-pro-all-in-1-4-meses-1050811-brita\/"},"modified":"2025-10-24T00:55:27","modified_gmt":"2025-10-24T00:55:27","slug":"pack-4-maxtra-pro-all-in-1-4-meses-1050811-brita","status":"publish","type":"product","link":"https:\/\/casafreitas.pt\/loja\/produto\/pack-4-maxtra-pro-all-in-1-4-meses-1050811-brita\/","title":{"rendered":"Pack 4 maxtra pro all-in-1-4 meses 1050811 brita"},"content":{"rendered":"","protected":false},"excerpt":{"rendered":"<p>Recarga original brita que reduz as impurezas, o cloro, os pesticidas e a cal para obter \u00e1gua da torneira com melhor sabor. sistema de filtragem inovador de 4 passos com carv\u00e3o ativo natural e p\u00e9rolas intercambi\u00e1veis de i\u00f5es. filtra as impurezas de certos herbicidas, pesticidas e produtos farmac\u00e9uticos. inovadora micromalha mais sustent\u00e1vel que nunca. fabrica\u00e7\u00e3o europeia com um 50% de materiais bio-base (tampa e corpo) e 100% recicl\u00e1vel<\/p>\n","protected":false},"featured_media":88211,"comment_status":"open","ping_status":"closed","template":"","meta":[],"product_brand":[],"product_cat":[17621,18004],"product_tag":[],"class_list":{"0":"post-88212","1":"product","2":"type-product","3":"status-publish","4":"has-post-thumbnail","6":"product_cat-pecas-de-reposicao-para-filtragem-de-agua-construcao","7":"product_cat-construcao","9":"first","10":"instock","11":"taxable","12":"shipping-taxable","13":"purchasable","14":"product-type-simple"},"_links":{"self":[{"href":"https:\/\/casafreitas.pt\/loja\/wp-json\/wp\/v2\/product\/88212","targetHints":{"allow":["GET"]}}],"collection":[{"href":"https:\/\/casafreitas.pt\/loja\/wp-json\/wp\/v2\/product"}],"about":[{"href":"https:\/\/casafreitas.pt\/loja\/wp-json\/wp\/v2\/types\/product"}],"replies":[{"embeddable":true,"href":"https:\/\/casafreitas.pt\/loja\/wp-json\/wp\/v2\/comments?post=88212"}],"version-history":[{"count":1,"href":"https:\/\/casafreitas.pt\/loja\/wp-json\/wp\/v2\/product\/88212\/revisions"}],"predecessor-version":[{"id":88213,"href":"https:\/\/casafreitas.pt\/loja\/wp-json\/wp\/v2\/product\/88212\/revisions\/88213"}],"wp:featuredmedia":[{"embeddable":true,"href":"https:\/\/casafreitas.pt\/loja\/wp-json\/wp\/v2\/media\/88211"}],"wp:attachment":[{"href":"https:\/\/casafreitas.pt\/loja\/wp-json\/wp\/v2\/media?parent=88212"}],"wp:term":[{"taxonomy":"product_brand","embeddable":true,"href":"https:\/\/casafreitas.pt\/loja\/wp-json\/wp\/v2\/product_brand?post=88212"},{"taxonomy":"product_cat","embeddable":true,"href":"https:\/\/casafreitas.pt\/loja\/wp-json\/wp\/v2\/product_cat?post=88212"},{"taxonomy":"product_tag","embeddable":true,"href":"https:\/\/casafreitas.pt\/loja\/wp-json\/wp\/v2\/product_tag?post=88212"}],"curies":[{"name":"wp","href":"https:\/\/api.w.org\/{rel}","templated":true}]}}