{"id":86414,"date":"2025-09-26T00:38:16","date_gmt":"2025-09-26T00:38:16","guid":{"rendered":"https:\/\/casafreitas.pt\/loja\/produto\/marcador-tinta-permanente-para-buracos-profundos-azul\/"},"modified":"2025-10-24T00:53:42","modified_gmt":"2025-10-24T00:53:42","slug":"marcador-tinta-permanente-para-buracos-profundos-azul","status":"publish","type":"product","link":"https:\/\/casafreitas.pt\/loja\/produto\/marcador-tinta-permanente-para-buracos-profundos-azul\/","title":{"rendered":"Marcador de tinta permanente para buracos profundos azul"},"content":{"rendered":"","protected":false},"excerpt":{"rendered":"<p>Marcador de tinta permanente para buracos profundos azuis, ideal para pontos de dif\u00edcil acesso. adequado para a maioria de superf\u00edcies secas. pr\u00e1tica tampa com clip, para trabalhar com uma m\u00e3o. tinta permanente, remov\u00edvel sobre superf\u00edcies lisa e brilhantes com \u00e1lcool e outros solventes. ponta telesc\u00f3pica ajust\u00e1vel em a\u00e7o inoxid\u00e1vel patenteada: 3 vezes mais capacidade de marca\u00e7\u00e3o ao utilizar 7 mm. desempenho m\u00e1ximo: chumbo utiliz\u00e1vel em ambos os lados. o cabo pode ser girado 180\u00b0 at\u00e9 7 vezes e mais para uma longa vida \u00fatil do marcador<\/p>\n","protected":false},"featured_media":86413,"comment_status":"open","ping_status":"closed","template":"","meta":[],"product_brand":[],"product_cat":[11488,15646],"product_tag":[12735],"class_list":{"0":"post-86414","1":"product","2":"type-product","3":"status-publish","4":"has-post-thumbnail","6":"product_cat-ferramentas","7":"product_cat-ferramentas-de-carpintaria-ferramentas","8":"product_tag-pica","10":"first","11":"instock","12":"taxable","13":"shipping-taxable","14":"purchasable","15":"product-type-simple"},"_links":{"self":[{"href":"https:\/\/casafreitas.pt\/loja\/wp-json\/wp\/v2\/product\/86414","targetHints":{"allow":["GET"]}}],"collection":[{"href":"https:\/\/casafreitas.pt\/loja\/wp-json\/wp\/v2\/product"}],"about":[{"href":"https:\/\/casafreitas.pt\/loja\/wp-json\/wp\/v2\/types\/product"}],"replies":[{"embeddable":true,"href":"https:\/\/casafreitas.pt\/loja\/wp-json\/wp\/v2\/comments?post=86414"}],"version-history":[{"count":1,"href":"https:\/\/casafreitas.pt\/loja\/wp-json\/wp\/v2\/product\/86414\/revisions"}],"predecessor-version":[{"id":86415,"href":"https:\/\/casafreitas.pt\/loja\/wp-json\/wp\/v2\/product\/86414\/revisions\/86415"}],"wp:featuredmedia":[{"embeddable":true,"href":"https:\/\/casafreitas.pt\/loja\/wp-json\/wp\/v2\/media\/86413"}],"wp:attachment":[{"href":"https:\/\/casafreitas.pt\/loja\/wp-json\/wp\/v2\/media?parent=86414"}],"wp:term":[{"taxonomy":"product_brand","embeddable":true,"href":"https:\/\/casafreitas.pt\/loja\/wp-json\/wp\/v2\/product_brand?post=86414"},{"taxonomy":"product_cat","embeddable":true,"href":"https:\/\/casafreitas.pt\/loja\/wp-json\/wp\/v2\/product_cat?post=86414"},{"taxonomy":"product_tag","embeddable":true,"href":"https:\/\/casafreitas.pt\/loja\/wp-json\/wp\/v2\/product_tag?post=86414"}],"curies":[{"name":"wp","href":"https:\/\/api.w.org\/{rel}","templated":true}]}}