{"id":85901,"date":"2025-09-26T00:01:59","date_gmt":"2025-09-26T00:01:59","guid":{"rendered":"https:\/\/casafreitas.pt\/loja\/produto\/removedor-cimento-1l-c05087-chubb\/"},"modified":"2025-10-24T00:53:12","modified_gmt":"2025-10-24T00:53:12","slug":"removedor-cimento-1l-c05087-chubb","status":"publish","type":"product","link":"https:\/\/casafreitas.pt\/loja\/produto\/removedor-cimento-1l-c05087-chubb\/","title":{"rendered":"Removedor de cimento 1l c05087 chubb"},"content":{"rendered":"","protected":false},"excerpt":{"rendered":"<p>Removedor de cimento 1l c05087; limpador concentrado para uso profissional e dom\u00e9stico de juntas, fachadas e piscinas. a sua f\u00f3rmula remove sem esfor\u00e7o restos de cimento e manchas de cal e salitre de fachadas e pavimentos. o produto pode ser utilizado directamente ou dilu\u00eddo+t15o at\u00e9 5 partes com \u00e1gua. chubb<\/p>\n","protected":false},"featured_media":85900,"comment_status":"open","ping_status":"closed","template":"","meta":[],"product_brand":[],"product_cat":[11488,17462],"product_tag":[],"class_list":{"0":"post-85901","1":"product","2":"type-product","3":"status-publish","4":"has-post-thumbnail","6":"product_cat-ferramentas","7":"product_cat-limpadores-de-construcao-ferramentas","9":"first","10":"instock","11":"taxable","12":"shipping-taxable","13":"purchasable","14":"product-type-simple"},"_links":{"self":[{"href":"https:\/\/casafreitas.pt\/loja\/wp-json\/wp\/v2\/product\/85901","targetHints":{"allow":["GET"]}}],"collection":[{"href":"https:\/\/casafreitas.pt\/loja\/wp-json\/wp\/v2\/product"}],"about":[{"href":"https:\/\/casafreitas.pt\/loja\/wp-json\/wp\/v2\/types\/product"}],"replies":[{"embeddable":true,"href":"https:\/\/casafreitas.pt\/loja\/wp-json\/wp\/v2\/comments?post=85901"}],"version-history":[{"count":1,"href":"https:\/\/casafreitas.pt\/loja\/wp-json\/wp\/v2\/product\/85901\/revisions"}],"predecessor-version":[{"id":85902,"href":"https:\/\/casafreitas.pt\/loja\/wp-json\/wp\/v2\/product\/85901\/revisions\/85902"}],"wp:featuredmedia":[{"embeddable":true,"href":"https:\/\/casafreitas.pt\/loja\/wp-json\/wp\/v2\/media\/85900"}],"wp:attachment":[{"href":"https:\/\/casafreitas.pt\/loja\/wp-json\/wp\/v2\/media?parent=85901"}],"wp:term":[{"taxonomy":"product_brand","embeddable":true,"href":"https:\/\/casafreitas.pt\/loja\/wp-json\/wp\/v2\/product_brand?post=85901"},{"taxonomy":"product_cat","embeddable":true,"href":"https:\/\/casafreitas.pt\/loja\/wp-json\/wp\/v2\/product_cat?post=85901"},{"taxonomy":"product_tag","embeddable":true,"href":"https:\/\/casafreitas.pt\/loja\/wp-json\/wp\/v2\/product_tag?post=85901"}],"curies":[{"name":"wp","href":"https:\/\/api.w.org\/{rel}","templated":true}]}}