{"id":85559,"date":"2025-09-25T23:42:42","date_gmt":"2025-09-25T23:42:42","guid":{"rendered":"https:\/\/casafreitas.pt\/loja\/produto\/fita-americana-extra-power-universal-preto-50-mm-x-50-m\/"},"modified":"2025-10-24T00:52:53","modified_gmt":"2025-10-24T00:52:53","slug":"fita-americana-extra-power-universal-preto-50-mm-x-50-m","status":"publish","type":"product","link":"https:\/\/casafreitas.pt\/loja\/produto\/fita-americana-extra-power-universal-preto-50-mm-x-50-m\/","title":{"rendered":"Fita americana extra power universal preto 50 mm x 50 m"},"content":{"rendered":"","protected":false},"excerpt":{"rendered":"<p>Fita americana extra power universal preto 50 mm x 50 m. \u00e9 uma fita adesiva multiusos caracterizada por um forte poder de ader\u00eancia superior. \u00e9 uma tira imbat\u00edvel com maior poder de colagem e uma tira de reparo altamente vers\u00e1til. ideal para uma ampla gama de aplica\u00e7\u00f5es. embora not\u00e1vel pela resist\u00eancia superior. esta fita adesiva pode ser facilmente rasgada \u00e0 m\u00e3o e. portanto. sempre \u00e9 ideal para reparos r\u00e1pidos. artesanato. colagem. amarra\u00e7\u00e3o. refor\u00e7o. marca\u00e7\u00e3o e muito mais. sendo uma tira de reparo universal. para aplica\u00e7\u00f5es internas e externas. \u00e9 forte o suficiente ao ar livre.<\/p>\n","protected":false},"featured_media":85558,"comment_status":"open","ping_status":"closed","template":"","meta":[],"product_brand":[],"product_cat":[17567,18004],"product_tag":[],"class_list":{"0":"post-85559","1":"product","2":"type-product","3":"status-publish","4":"has-post-thumbnail","6":"product_cat-fita-adesiva-construcao","7":"product_cat-construcao","9":"first","10":"instock","11":"taxable","12":"shipping-taxable","13":"purchasable","14":"product-type-simple"},"_links":{"self":[{"href":"https:\/\/casafreitas.pt\/loja\/wp-json\/wp\/v2\/product\/85559","targetHints":{"allow":["GET"]}}],"collection":[{"href":"https:\/\/casafreitas.pt\/loja\/wp-json\/wp\/v2\/product"}],"about":[{"href":"https:\/\/casafreitas.pt\/loja\/wp-json\/wp\/v2\/types\/product"}],"replies":[{"embeddable":true,"href":"https:\/\/casafreitas.pt\/loja\/wp-json\/wp\/v2\/comments?post=85559"}],"version-history":[{"count":1,"href":"https:\/\/casafreitas.pt\/loja\/wp-json\/wp\/v2\/product\/85559\/revisions"}],"predecessor-version":[{"id":85560,"href":"https:\/\/casafreitas.pt\/loja\/wp-json\/wp\/v2\/product\/85559\/revisions\/85560"}],"wp:featuredmedia":[{"embeddable":true,"href":"https:\/\/casafreitas.pt\/loja\/wp-json\/wp\/v2\/media\/85558"}],"wp:attachment":[{"href":"https:\/\/casafreitas.pt\/loja\/wp-json\/wp\/v2\/media?parent=85559"}],"wp:term":[{"taxonomy":"product_brand","embeddable":true,"href":"https:\/\/casafreitas.pt\/loja\/wp-json\/wp\/v2\/product_brand?post=85559"},{"taxonomy":"product_cat","embeddable":true,"href":"https:\/\/casafreitas.pt\/loja\/wp-json\/wp\/v2\/product_cat?post=85559"},{"taxonomy":"product_tag","embeddable":true,"href":"https:\/\/casafreitas.pt\/loja\/wp-json\/wp\/v2\/product_tag?post=85559"}],"curies":[{"name":"wp","href":"https:\/\/api.w.org\/{rel}","templated":true}]}}