{"id":85538,"date":"2025-09-25T23:41:34","date_gmt":"2025-09-25T23:41:34","guid":{"rendered":"https:\/\/casafreitas.pt\/loja\/produto\/big-bag-saco-para-entulho-90x90x90cm-cor-branca-suporta-ate-1000kg-densidade-100g-m%c2%b2\/"},"modified":"2025-10-28T23:38:22","modified_gmt":"2025-10-28T23:38:22","slug":"big-bag-saco-para-entulho-90x90x90cm-cor-branca-suporta-ate-1000kg-densidade-100g-m%c2%b2","status":"publish","type":"product","link":"https:\/\/casafreitas.pt\/loja\/produto\/big-bag-saco-para-entulho-90x90x90cm-cor-branca-suporta-ate-1000kg-densidade-100g-m%c2%b2\/","title":{"rendered":"Big bag saco para entulho 90x90x90cm . a cor branca suporta at\u00e9 1000kg densidade 100g\/m\u00b2"},"content":{"rendered":"","protected":false},"excerpt":{"rendered":"<p>Big bag saco para entulho 90x90x90cm com v\u00e1lvula, material: polipropileno r\u00e1fia. a cor branca suporta at\u00e9 1000kg densidade 100g\/m\u00b2<\/p>\n","protected":false},"featured_media":85537,"comment_status":"open","ping_status":"closed","template":"","meta":[],"product_brand":[],"product_cat":[11488,17498],"product_tag":[],"class_list":{"0":"post-85538","1":"product","2":"type-product","3":"status-publish","4":"has-post-thumbnail","6":"product_cat-ferramentas","7":"product_cat-saco-de-detritos-ferramentas","9":"first","10":"instock","11":"taxable","12":"shipping-taxable","13":"purchasable","14":"product-type-simple"},"_links":{"self":[{"href":"https:\/\/casafreitas.pt\/loja\/wp-json\/wp\/v2\/product\/85538","targetHints":{"allow":["GET"]}}],"collection":[{"href":"https:\/\/casafreitas.pt\/loja\/wp-json\/wp\/v2\/product"}],"about":[{"href":"https:\/\/casafreitas.pt\/loja\/wp-json\/wp\/v2\/types\/product"}],"replies":[{"embeddable":true,"href":"https:\/\/casafreitas.pt\/loja\/wp-json\/wp\/v2\/comments?post=85538"}],"version-history":[{"count":1,"href":"https:\/\/casafreitas.pt\/loja\/wp-json\/wp\/v2\/product\/85538\/revisions"}],"predecessor-version":[{"id":85539,"href":"https:\/\/casafreitas.pt\/loja\/wp-json\/wp\/v2\/product\/85538\/revisions\/85539"}],"wp:featuredmedia":[{"embeddable":true,"href":"https:\/\/casafreitas.pt\/loja\/wp-json\/wp\/v2\/media\/85537"}],"wp:attachment":[{"href":"https:\/\/casafreitas.pt\/loja\/wp-json\/wp\/v2\/media?parent=85538"}],"wp:term":[{"taxonomy":"product_brand","embeddable":true,"href":"https:\/\/casafreitas.pt\/loja\/wp-json\/wp\/v2\/product_brand?post=85538"},{"taxonomy":"product_cat","embeddable":true,"href":"https:\/\/casafreitas.pt\/loja\/wp-json\/wp\/v2\/product_cat?post=85538"},{"taxonomy":"product_tag","embeddable":true,"href":"https:\/\/casafreitas.pt\/loja\/wp-json\/wp\/v2\/product_tag?post=85538"}],"curies":[{"name":"wp","href":"https:\/\/api.w.org\/{rel}","templated":true}]}}