{"id":84248,"date":"2025-09-25T20:16:34","date_gmt":"2025-09-25T20:16:34","guid":{"rendered":"https:\/\/casafreitas.pt\/loja\/produto\/exibicao-15-filtros-bi-flux-individuais\/"},"modified":"2025-10-24T00:51:38","modified_gmt":"2025-10-24T00:51:38","slug":"exibicao-15-filtros-bi-flux-individuais","status":"publish","type":"product","link":"https:\/\/casafreitas.pt\/loja\/produto\/exibicao-15-filtros-bi-flux-individuais\/","title":{"rendered":"Exibi\u00e7\u00e3o de 15 filtros bi-flux individuais"},"content":{"rendered":"","protected":false},"excerpt":{"rendered":"<p>Exibi\u00e7\u00e3o de 15 filtros individuais bi-flux. equivalente a 1 m\u00eas de \u00e1gua filtrada (m\u00e1x. 150 l)<\/p>\n","protected":false},"featured_media":84247,"comment_status":"open","ping_status":"closed","template":"","meta":[],"product_brand":[],"product_cat":[17621,18004],"product_tag":[],"class_list":{"0":"post-84248","1":"product","2":"type-product","3":"status-publish","4":"has-post-thumbnail","6":"product_cat-pecas-de-reposicao-para-filtragem-de-agua-construcao","7":"product_cat-construcao","9":"first","10":"instock","11":"taxable","12":"shipping-taxable","13":"purchasable","14":"product-type-simple"},"_links":{"self":[{"href":"https:\/\/casafreitas.pt\/loja\/wp-json\/wp\/v2\/product\/84248","targetHints":{"allow":["GET"]}}],"collection":[{"href":"https:\/\/casafreitas.pt\/loja\/wp-json\/wp\/v2\/product"}],"about":[{"href":"https:\/\/casafreitas.pt\/loja\/wp-json\/wp\/v2\/types\/product"}],"replies":[{"embeddable":true,"href":"https:\/\/casafreitas.pt\/loja\/wp-json\/wp\/v2\/comments?post=84248"}],"version-history":[{"count":1,"href":"https:\/\/casafreitas.pt\/loja\/wp-json\/wp\/v2\/product\/84248\/revisions"}],"predecessor-version":[{"id":84249,"href":"https:\/\/casafreitas.pt\/loja\/wp-json\/wp\/v2\/product\/84248\/revisions\/84249"}],"wp:featuredmedia":[{"embeddable":true,"href":"https:\/\/casafreitas.pt\/loja\/wp-json\/wp\/v2\/media\/84247"}],"wp:attachment":[{"href":"https:\/\/casafreitas.pt\/loja\/wp-json\/wp\/v2\/media?parent=84248"}],"wp:term":[{"taxonomy":"product_brand","embeddable":true,"href":"https:\/\/casafreitas.pt\/loja\/wp-json\/wp\/v2\/product_brand?post=84248"},{"taxonomy":"product_cat","embeddable":true,"href":"https:\/\/casafreitas.pt\/loja\/wp-json\/wp\/v2\/product_cat?post=84248"},{"taxonomy":"product_tag","embeddable":true,"href":"https:\/\/casafreitas.pt\/loja\/wp-json\/wp\/v2\/product_tag?post=84248"}],"curies":[{"name":"wp","href":"https:\/\/api.w.org\/{rel}","templated":true}]}}