{"id":83240,"date":"2025-09-25T18:58:38","date_gmt":"2025-09-25T18:58:38","guid":{"rendered":"https:\/\/casafreitas.pt\/loja\/produto\/flexometro-para-medir-em-vertical-5m-x-30mm-980-5w-1\/"},"modified":"2025-10-24T00:50:40","modified_gmt":"2025-10-24T00:50:40","slug":"flexometro-para-medir-em-vertical-5m-x-30mm-980-5w-1","status":"publish","type":"product","link":"https:\/\/casafreitas.pt\/loja\/produto\/flexometro-para-medir-em-vertical-5m-x-30mm-980-5w-1\/","title":{"rendered":"Flex\u00f3metro para medir em vertical 5m x 30mm 980-5w-1"},"content":{"rendered":"","protected":false},"excerpt":{"rendered":"<p>Flex\u00f3metro para medir em vertical 5m x 30mm 980-5w-1. precis\u00e3o de classe ii. folha larga que oferece um longo alcance sem dobrar-se: 30mm. marcado em mm. marcado em vertical na parte posterior da folha. marca dupla. bot\u00e3o de bloqueio. caixa de abs. fita para pulso. clip de metal para cinto. folha de a\u00e7o 50c revestida de nylon de alta qualidade. 4 rebites no gancho. conforme a normativa sobre a comercializa\u00e7\u00e3o de instrumentos de medi\u00e7\u00e3o<\/p>\n","protected":false},"featured_media":83239,"comment_status":"open","ping_status":"closed","template":"","meta":[],"product_brand":[],"product_cat":[11488,13759],"product_tag":[],"class_list":{"0":"post-83240","1":"product","2":"type-product","3":"status-publish","4":"has-post-thumbnail","6":"product_cat-ferramentas","7":"product_cat-ferramentas-dispositivos-de-medicao-ferramentas","9":"first","10":"instock","11":"taxable","12":"shipping-taxable","13":"purchasable","14":"product-type-simple"},"_links":{"self":[{"href":"https:\/\/casafreitas.pt\/loja\/wp-json\/wp\/v2\/product\/83240","targetHints":{"allow":["GET"]}}],"collection":[{"href":"https:\/\/casafreitas.pt\/loja\/wp-json\/wp\/v2\/product"}],"about":[{"href":"https:\/\/casafreitas.pt\/loja\/wp-json\/wp\/v2\/types\/product"}],"replies":[{"embeddable":true,"href":"https:\/\/casafreitas.pt\/loja\/wp-json\/wp\/v2\/comments?post=83240"}],"version-history":[{"count":1,"href":"https:\/\/casafreitas.pt\/loja\/wp-json\/wp\/v2\/product\/83240\/revisions"}],"predecessor-version":[{"id":83241,"href":"https:\/\/casafreitas.pt\/loja\/wp-json\/wp\/v2\/product\/83240\/revisions\/83241"}],"wp:featuredmedia":[{"embeddable":true,"href":"https:\/\/casafreitas.pt\/loja\/wp-json\/wp\/v2\/media\/83239"}],"wp:attachment":[{"href":"https:\/\/casafreitas.pt\/loja\/wp-json\/wp\/v2\/media?parent=83240"}],"wp:term":[{"taxonomy":"product_brand","embeddable":true,"href":"https:\/\/casafreitas.pt\/loja\/wp-json\/wp\/v2\/product_brand?post=83240"},{"taxonomy":"product_cat","embeddable":true,"href":"https:\/\/casafreitas.pt\/loja\/wp-json\/wp\/v2\/product_cat?post=83240"},{"taxonomy":"product_tag","embeddable":true,"href":"https:\/\/casafreitas.pt\/loja\/wp-json\/wp\/v2\/product_tag?post=83240"}],"curies":[{"name":"wp","href":"https:\/\/api.w.org\/{rel}","templated":true}]}}