{"id":83003,"date":"2025-09-25T18:43:45","date_gmt":"2025-09-25T18:43:45","guid":{"rendered":"https:\/\/casafreitas.pt\/loja\/produto\/chave-6-em-1-duas-pontas-reversiveis-475-5-1\/"},"modified":"2025-10-24T00:50:26","modified_gmt":"2025-10-24T00:50:26","slug":"chave-6-em-1-duas-pontas-reversiveis-475-5-1","status":"publish","type":"product","link":"https:\/\/casafreitas.pt\/loja\/produto\/chave-6-em-1-duas-pontas-reversiveis-475-5-1\/","title":{"rendered":"Chave 6 em 1 duas pontas revers\u00edveis 475-5-1"},"content":{"rendered":"","protected":false},"excerpt":{"rendered":"<p>Chave 6 em 1 duas pontas revers\u00edveis 475-5-1. para parafusos, pernos e porcas de cabe\u00e7a philips, fendas e hexagonais. pontas de duas bocas (1\/4), ph1; 5,0mm. pontas de duas bocas (5\/16&#8243;): ph2; 6,0mm. adaptador: 6 e 8mm. pontas magn\u00e9ticas. cabo bicomponentes que garante o m\u00e1ximo conforto. aleana\u00e7\u00e3o de a\u00e7o de alto rendimento. acabamento polido com areia. em bl\u00edster&#8221;<\/p>\n","protected":false},"featured_media":83002,"comment_status":"open","ping_status":"closed","template":"","meta":[],"product_brand":[],"product_cat":[14011,11488],"product_tag":[],"class_list":{"0":"post-83003","1":"product","2":"type-product","3":"status-publish","4":"has-post-thumbnail","6":"product_cat-chave-de-fenda-com-pontas-intercambiaveis","7":"product_cat-ferramentas","9":"first","10":"instock","11":"taxable","12":"shipping-taxable","13":"purchasable","14":"product-type-simple"},"_links":{"self":[{"href":"https:\/\/casafreitas.pt\/loja\/wp-json\/wp\/v2\/product\/83003","targetHints":{"allow":["GET"]}}],"collection":[{"href":"https:\/\/casafreitas.pt\/loja\/wp-json\/wp\/v2\/product"}],"about":[{"href":"https:\/\/casafreitas.pt\/loja\/wp-json\/wp\/v2\/types\/product"}],"replies":[{"embeddable":true,"href":"https:\/\/casafreitas.pt\/loja\/wp-json\/wp\/v2\/comments?post=83003"}],"version-history":[{"count":1,"href":"https:\/\/casafreitas.pt\/loja\/wp-json\/wp\/v2\/product\/83003\/revisions"}],"predecessor-version":[{"id":83004,"href":"https:\/\/casafreitas.pt\/loja\/wp-json\/wp\/v2\/product\/83003\/revisions\/83004"}],"wp:featuredmedia":[{"embeddable":true,"href":"https:\/\/casafreitas.pt\/loja\/wp-json\/wp\/v2\/media\/83002"}],"wp:attachment":[{"href":"https:\/\/casafreitas.pt\/loja\/wp-json\/wp\/v2\/media?parent=83003"}],"wp:term":[{"taxonomy":"product_brand","embeddable":true,"href":"https:\/\/casafreitas.pt\/loja\/wp-json\/wp\/v2\/product_brand?post=83003"},{"taxonomy":"product_cat","embeddable":true,"href":"https:\/\/casafreitas.pt\/loja\/wp-json\/wp\/v2\/product_cat?post=83003"},{"taxonomy":"product_tag","embeddable":true,"href":"https:\/\/casafreitas.pt\/loja\/wp-json\/wp\/v2\/product_tag?post=83003"}],"curies":[{"name":"wp","href":"https:\/\/api.w.org\/{rel}","templated":true}]}}