{"id":82991,"date":"2025-09-25T18:42:59","date_gmt":"2025-09-25T18:42:59","guid":{"rendered":"https:\/\/casafreitas.pt\/loja\/produto\/tester-3x65mm-150-250v-429-03-1\/"},"modified":"2025-10-24T00:50:26","modified_gmt":"2025-10-24T00:50:26","slug":"tester-3x65mm-150-250v-429-03-1","status":"publish","type":"product","link":"https:\/\/casafreitas.pt\/loja\/produto\/tester-3x65mm-150-250v-429-03-1\/","title":{"rendered":"Tester 3x65mm, 150-250v 429-03-1"},"content":{"rendered":"","protected":false},"excerpt":{"rendered":"<p>Tester 3x65mm, 150-250v 429-03-1. tester de tens\u00e3o de 150-250v. pl\u00e1stico transparente e resistente aos impactos. a\u00e7o de alta qualidade. vara niquelada. prote\u00e7\u00e3o de pl\u00e1stico at\u00e9 \u00e0 ponta. conforme din vde 0680\/6. com marca gs. com carta de cart\u00e3o<\/p>\n","protected":false},"featured_media":82990,"comment_status":"open","ping_status":"closed","template":"","meta":[],"product_brand":[],"product_cat":[11488,15544],"product_tag":[],"class_list":{"0":"post-82991","1":"product","2":"type-product","3":"status-publish","4":"has-post-thumbnail","6":"product_cat-ferramentas","7":"product_cat-multimetros-testers-ferramentas-48","9":"first","10":"instock","11":"taxable","12":"shipping-taxable","13":"purchasable","14":"product-type-simple"},"_links":{"self":[{"href":"https:\/\/casafreitas.pt\/loja\/wp-json\/wp\/v2\/product\/82991","targetHints":{"allow":["GET"]}}],"collection":[{"href":"https:\/\/casafreitas.pt\/loja\/wp-json\/wp\/v2\/product"}],"about":[{"href":"https:\/\/casafreitas.pt\/loja\/wp-json\/wp\/v2\/types\/product"}],"replies":[{"embeddable":true,"href":"https:\/\/casafreitas.pt\/loja\/wp-json\/wp\/v2\/comments?post=82991"}],"version-history":[{"count":1,"href":"https:\/\/casafreitas.pt\/loja\/wp-json\/wp\/v2\/product\/82991\/revisions"}],"predecessor-version":[{"id":82992,"href":"https:\/\/casafreitas.pt\/loja\/wp-json\/wp\/v2\/product\/82991\/revisions\/82992"}],"wp:featuredmedia":[{"embeddable":true,"href":"https:\/\/casafreitas.pt\/loja\/wp-json\/wp\/v2\/media\/82990"}],"wp:attachment":[{"href":"https:\/\/casafreitas.pt\/loja\/wp-json\/wp\/v2\/media?parent=82991"}],"wp:term":[{"taxonomy":"product_brand","embeddable":true,"href":"https:\/\/casafreitas.pt\/loja\/wp-json\/wp\/v2\/product_brand?post=82991"},{"taxonomy":"product_cat","embeddable":true,"href":"https:\/\/casafreitas.pt\/loja\/wp-json\/wp\/v2\/product_cat?post=82991"},{"taxonomy":"product_tag","embeddable":true,"href":"https:\/\/casafreitas.pt\/loja\/wp-json\/wp\/v2\/product_tag?post=82991"}],"curies":[{"name":"wp","href":"https:\/\/api.w.org\/{rel}","templated":true}]}}