{"id":80288,"date":"2025-09-25T11:37:54","date_gmt":"2025-09-25T11:37:54","guid":{"rendered":"https:\/\/casafreitas.pt\/loja\/produto\/fita-butilica-cinzenta-10-cm-x-10-m\/"},"modified":"2025-10-24T00:47:50","modified_gmt":"2025-10-24T00:47:50","slug":"fita-butilica-cinzenta-10-cm-x-10-m","status":"publish","type":"product","link":"https:\/\/casafreitas.pt\/loja\/produto\/fita-butilica-cinzenta-10-cm-x-10-m\/","title":{"rendered":"Fita but\u00edlica cinzenta 10 cm x 10 m"},"content":{"rendered":"","protected":false},"excerpt":{"rendered":"<p>Fita but\u00edlica cinzenta 10 cm x 10 m. fita de borracha but\u00edlica imperme\u00e1vel auto adesiva 10cm x 10m para telhado, reparar caleiras, chapas, esgotos, cinzento<\/p>\n","protected":false},"featured_media":80287,"comment_status":"open","ping_status":"closed","template":"","meta":[],"product_brand":[],"product_cat":[17614,18004],"product_tag":[],"class_list":{"0":"post-80288","1":"product","2":"type-product","3":"status-publish","4":"has-post-thumbnail","6":"product_cat-outras-fitas-construcao","7":"product_cat-construcao","9":"first","10":"instock","11":"taxable","12":"shipping-taxable","13":"purchasable","14":"product-type-simple"},"_links":{"self":[{"href":"https:\/\/casafreitas.pt\/loja\/wp-json\/wp\/v2\/product\/80288","targetHints":{"allow":["GET"]}}],"collection":[{"href":"https:\/\/casafreitas.pt\/loja\/wp-json\/wp\/v2\/product"}],"about":[{"href":"https:\/\/casafreitas.pt\/loja\/wp-json\/wp\/v2\/types\/product"}],"replies":[{"embeddable":true,"href":"https:\/\/casafreitas.pt\/loja\/wp-json\/wp\/v2\/comments?post=80288"}],"version-history":[{"count":1,"href":"https:\/\/casafreitas.pt\/loja\/wp-json\/wp\/v2\/product\/80288\/revisions"}],"predecessor-version":[{"id":80289,"href":"https:\/\/casafreitas.pt\/loja\/wp-json\/wp\/v2\/product\/80288\/revisions\/80289"}],"wp:featuredmedia":[{"embeddable":true,"href":"https:\/\/casafreitas.pt\/loja\/wp-json\/wp\/v2\/media\/80287"}],"wp:attachment":[{"href":"https:\/\/casafreitas.pt\/loja\/wp-json\/wp\/v2\/media?parent=80288"}],"wp:term":[{"taxonomy":"product_brand","embeddable":true,"href":"https:\/\/casafreitas.pt\/loja\/wp-json\/wp\/v2\/product_brand?post=80288"},{"taxonomy":"product_cat","embeddable":true,"href":"https:\/\/casafreitas.pt\/loja\/wp-json\/wp\/v2\/product_cat?post=80288"},{"taxonomy":"product_tag","embeddable":true,"href":"https:\/\/casafreitas.pt\/loja\/wp-json\/wp\/v2\/product_tag?post=80288"}],"curies":[{"name":"wp","href":"https:\/\/api.w.org\/{rel}","templated":true}]}}