{"id":80276,"date":"2025-09-25T11:36:56","date_gmt":"2025-09-25T11:36:56","guid":{"rendered":"https:\/\/casafreitas.pt\/loja\/produto\/fita-reparacao-petra-48-mm-x-25-m\/"},"modified":"2025-10-24T00:47:49","modified_gmt":"2025-10-24T00:47:49","slug":"fita-reparacao-petra-48-mm-x-25-m","status":"publish","type":"product","link":"https:\/\/casafreitas.pt\/loja\/produto\/fita-reparacao-petra-48-mm-x-25-m\/","title":{"rendered":"Fita de repara\u00e7\u00e3o petra 48 mm x 25 m"},"content":{"rendered":"","protected":false},"excerpt":{"rendered":"<p>Fita de repara\u00e7\u00e3o petra 48 mm x 25 m<\/p>\n","protected":false},"featured_media":80275,"comment_status":"open","ping_status":"closed","template":"","meta":[],"product_brand":[],"product_cat":[17567,18004],"product_tag":[],"class_list":{"0":"post-80276","1":"product","2":"type-product","3":"status-publish","4":"has-post-thumbnail","6":"product_cat-fita-adesiva-construcao","7":"product_cat-construcao","9":"first","10":"instock","11":"taxable","12":"shipping-taxable","13":"purchasable","14":"product-type-simple"},"_links":{"self":[{"href":"https:\/\/casafreitas.pt\/loja\/wp-json\/wp\/v2\/product\/80276","targetHints":{"allow":["GET"]}}],"collection":[{"href":"https:\/\/casafreitas.pt\/loja\/wp-json\/wp\/v2\/product"}],"about":[{"href":"https:\/\/casafreitas.pt\/loja\/wp-json\/wp\/v2\/types\/product"}],"replies":[{"embeddable":true,"href":"https:\/\/casafreitas.pt\/loja\/wp-json\/wp\/v2\/comments?post=80276"}],"version-history":[{"count":1,"href":"https:\/\/casafreitas.pt\/loja\/wp-json\/wp\/v2\/product\/80276\/revisions"}],"predecessor-version":[{"id":80277,"href":"https:\/\/casafreitas.pt\/loja\/wp-json\/wp\/v2\/product\/80276\/revisions\/80277"}],"wp:featuredmedia":[{"embeddable":true,"href":"https:\/\/casafreitas.pt\/loja\/wp-json\/wp\/v2\/media\/80275"}],"wp:attachment":[{"href":"https:\/\/casafreitas.pt\/loja\/wp-json\/wp\/v2\/media?parent=80276"}],"wp:term":[{"taxonomy":"product_brand","embeddable":true,"href":"https:\/\/casafreitas.pt\/loja\/wp-json\/wp\/v2\/product_brand?post=80276"},{"taxonomy":"product_cat","embeddable":true,"href":"https:\/\/casafreitas.pt\/loja\/wp-json\/wp\/v2\/product_cat?post=80276"},{"taxonomy":"product_tag","embeddable":true,"href":"https:\/\/casafreitas.pt\/loja\/wp-json\/wp\/v2\/product_tag?post=80276"}],"curies":[{"name":"wp","href":"https:\/\/api.w.org\/{rel}","templated":true}]}}