{"id":79681,"date":"2025-09-25T10:51:33","date_gmt":"2025-09-25T10:51:33","guid":{"rendered":"https:\/\/casafreitas.pt\/loja\/produto\/bucha-plastico-tipo-b-o5-mm-caixa-500-uds\/"},"modified":"2025-10-24T00:46:58","modified_gmt":"2025-10-24T00:46:58","slug":"bucha-plastico-tipo-b-o5-mm-caixa-500-uds","status":"publish","type":"product","link":"https:\/\/casafreitas.pt\/loja\/produto\/bucha-plastico-tipo-b-o5-mm-caixa-500-uds\/","title":{"rendered":"Bucha de pl\u00e1stico tipo b \u00f85 mm, caixa 500 uds"},"content":{"rendered":"","protected":false},"excerpt":{"rendered":"<p>Bucha de pl\u00e1stico tipo b \u00f85 mm, caixa 500 uds<\/p>\n","protected":false},"featured_media":79680,"comment_status":"open","ping_status":"closed","template":"","meta":[],"product_brand":[],"product_cat":[12690,18004],"product_tag":[],"class_list":{"0":"post-79681","1":"product","2":"type-product","3":"status-publish","4":"has-post-thumbnail","6":"product_cat-buchas-de-plastico","7":"product_cat-construcao","9":"first","10":"instock","11":"taxable","12":"shipping-taxable","13":"purchasable","14":"product-type-simple"},"_links":{"self":[{"href":"https:\/\/casafreitas.pt\/loja\/wp-json\/wp\/v2\/product\/79681","targetHints":{"allow":["GET"]}}],"collection":[{"href":"https:\/\/casafreitas.pt\/loja\/wp-json\/wp\/v2\/product"}],"about":[{"href":"https:\/\/casafreitas.pt\/loja\/wp-json\/wp\/v2\/types\/product"}],"replies":[{"embeddable":true,"href":"https:\/\/casafreitas.pt\/loja\/wp-json\/wp\/v2\/comments?post=79681"}],"version-history":[{"count":1,"href":"https:\/\/casafreitas.pt\/loja\/wp-json\/wp\/v2\/product\/79681\/revisions"}],"predecessor-version":[{"id":79682,"href":"https:\/\/casafreitas.pt\/loja\/wp-json\/wp\/v2\/product\/79681\/revisions\/79682"}],"wp:featuredmedia":[{"embeddable":true,"href":"https:\/\/casafreitas.pt\/loja\/wp-json\/wp\/v2\/media\/79680"}],"wp:attachment":[{"href":"https:\/\/casafreitas.pt\/loja\/wp-json\/wp\/v2\/media?parent=79681"}],"wp:term":[{"taxonomy":"product_brand","embeddable":true,"href":"https:\/\/casafreitas.pt\/loja\/wp-json\/wp\/v2\/product_brand?post=79681"},{"taxonomy":"product_cat","embeddable":true,"href":"https:\/\/casafreitas.pt\/loja\/wp-json\/wp\/v2\/product_cat?post=79681"},{"taxonomy":"product_tag","embeddable":true,"href":"https:\/\/casafreitas.pt\/loja\/wp-json\/wp\/v2\/product_tag?post=79681"}],"curies":[{"name":"wp","href":"https:\/\/api.w.org\/{rel}","templated":true}]}}