{"id":78217,"date":"2025-09-25T09:11:39","date_gmt":"2025-09-25T09:11:39","guid":{"rendered":"https:\/\/casafreitas.pt\/loja\/produto\/maquina-misturadora-1200w-com-regulacao-eletronica-6-velocidades-medidas-310x860x200mm-viatm1200w-viat\/"},"modified":"2025-10-24T00:40:26","modified_gmt":"2025-10-24T00:40:26","slug":"maquina-misturadora-1200w-com-regulacao-eletronica-6-velocidades-medidas-310x860x200mm-viatm1200w-viat","status":"publish","type":"product","link":"https:\/\/casafreitas.pt\/loja\/produto\/maquina-misturadora-1200w-com-regulacao-eletronica-6-velocidades-medidas-310x860x200mm-viatm1200w-viat\/","title":{"rendered":"M\u00e1quina misturadora de 1200w com regula\u00e7\u00e3o eletr\u00f3nica de 6 velocidades medidas: 310x860x200mm viatm1200w viat"},"content":{"rendered":"","protected":false},"excerpt":{"rendered":"<p>M\u00e1quina misturadora de 1200w com regula\u00e7\u00e3o eletr\u00f3nica de 6 velocidades medidas: 310x860x200mm viatm1200w viat. com cabo bimaterial. inclui uma vara k4 com acoplamento m14 de 120mm por 590mm de comprimento, 2 chaves fixas, 2 escovas sobresselentes e manual de instru\u00e7\u00f5es com garantia e declara\u00e7\u00e3o de conformidade. para realizar misturas homogeneas de morteiros, cimentos, resinas, tintas e colas<\/p>\n","protected":false},"featured_media":78216,"comment_status":"open","ping_status":"closed","template":"","meta":[],"product_brand":[],"product_cat":[11488,17471],"product_tag":[],"class_list":{"0":"post-78217","1":"product","2":"type-product","3":"status-publish","4":"has-post-thumbnail","6":"product_cat-ferramentas","7":"product_cat-misturadores-ferramentas","9":"first","10":"instock","11":"taxable","12":"shipping-taxable","13":"purchasable","14":"product-type-simple"},"_links":{"self":[{"href":"https:\/\/casafreitas.pt\/loja\/wp-json\/wp\/v2\/product\/78217","targetHints":{"allow":["GET"]}}],"collection":[{"href":"https:\/\/casafreitas.pt\/loja\/wp-json\/wp\/v2\/product"}],"about":[{"href":"https:\/\/casafreitas.pt\/loja\/wp-json\/wp\/v2\/types\/product"}],"replies":[{"embeddable":true,"href":"https:\/\/casafreitas.pt\/loja\/wp-json\/wp\/v2\/comments?post=78217"}],"version-history":[{"count":1,"href":"https:\/\/casafreitas.pt\/loja\/wp-json\/wp\/v2\/product\/78217\/revisions"}],"predecessor-version":[{"id":78218,"href":"https:\/\/casafreitas.pt\/loja\/wp-json\/wp\/v2\/product\/78217\/revisions\/78218"}],"wp:featuredmedia":[{"embeddable":true,"href":"https:\/\/casafreitas.pt\/loja\/wp-json\/wp\/v2\/media\/78216"}],"wp:attachment":[{"href":"https:\/\/casafreitas.pt\/loja\/wp-json\/wp\/v2\/media?parent=78217"}],"wp:term":[{"taxonomy":"product_brand","embeddable":true,"href":"https:\/\/casafreitas.pt\/loja\/wp-json\/wp\/v2\/product_brand?post=78217"},{"taxonomy":"product_cat","embeddable":true,"href":"https:\/\/casafreitas.pt\/loja\/wp-json\/wp\/v2\/product_cat?post=78217"},{"taxonomy":"product_tag","embeddable":true,"href":"https:\/\/casafreitas.pt\/loja\/wp-json\/wp\/v2\/product_tag?post=78217"}],"curies":[{"name":"wp","href":"https:\/\/api.w.org\/{rel}","templated":true}]}}