{"id":77087,"date":"2025-09-24T16:25:26","date_gmt":"2025-09-24T16:25:26","guid":{"rendered":"https:\/\/casafreitas.pt\/loja\/produto\/conjunto-11-chaves-precisao\/"},"modified":"2025-10-24T00:39:28","modified_gmt":"2025-10-24T00:39:28","slug":"conjunto-11-chaves-precisao","status":"publish","type":"product","link":"https:\/\/casafreitas.pt\/loja\/produto\/conjunto-11-chaves-precisao\/","title":{"rendered":"Conjunto de 11 chaves de precis\u00e3o"},"content":{"rendered":"","protected":false},"excerpt":{"rendered":"<p>Conjunto de 11 chaves de precis\u00e3o de ponta plana de precis\u00e3o: 1,2mm, 1,4mm, 2,0mm, 2,0mm, 2,4mm, 2,4 mm. ponta da estrela: 2, omm, 2,0mm, 2,4mm, 2,4mm, 3,0mm. tamanho da caixa 19x18x1,5cm<\/p>\n","protected":false},"featured_media":77086,"comment_status":"open","ping_status":"closed","template":"","meta":[],"product_brand":[],"product_cat":[14282,11488],"product_tag":[],"class_list":{"0":"post-77087","1":"product","2":"type-product","3":"status-publish","4":"has-post-thumbnail","6":"product_cat-chave-de-precisao","7":"product_cat-ferramentas","9":"first","10":"instock","11":"taxable","12":"shipping-taxable","13":"purchasable","14":"product-type-simple"},"_links":{"self":[{"href":"https:\/\/casafreitas.pt\/loja\/wp-json\/wp\/v2\/product\/77087","targetHints":{"allow":["GET"]}}],"collection":[{"href":"https:\/\/casafreitas.pt\/loja\/wp-json\/wp\/v2\/product"}],"about":[{"href":"https:\/\/casafreitas.pt\/loja\/wp-json\/wp\/v2\/types\/product"}],"replies":[{"embeddable":true,"href":"https:\/\/casafreitas.pt\/loja\/wp-json\/wp\/v2\/comments?post=77087"}],"version-history":[{"count":1,"href":"https:\/\/casafreitas.pt\/loja\/wp-json\/wp\/v2\/product\/77087\/revisions"}],"predecessor-version":[{"id":77088,"href":"https:\/\/casafreitas.pt\/loja\/wp-json\/wp\/v2\/product\/77087\/revisions\/77088"}],"wp:featuredmedia":[{"embeddable":true,"href":"https:\/\/casafreitas.pt\/loja\/wp-json\/wp\/v2\/media\/77086"}],"wp:attachment":[{"href":"https:\/\/casafreitas.pt\/loja\/wp-json\/wp\/v2\/media?parent=77087"}],"wp:term":[{"taxonomy":"product_brand","embeddable":true,"href":"https:\/\/casafreitas.pt\/loja\/wp-json\/wp\/v2\/product_brand?post=77087"},{"taxonomy":"product_cat","embeddable":true,"href":"https:\/\/casafreitas.pt\/loja\/wp-json\/wp\/v2\/product_cat?post=77087"},{"taxonomy":"product_tag","embeddable":true,"href":"https:\/\/casafreitas.pt\/loja\/wp-json\/wp\/v2\/product_tag?post=77087"}],"curies":[{"name":"wp","href":"https:\/\/api.w.org\/{rel}","templated":true}]}}