{"id":76865,"date":"2025-09-24T16:13:37","date_gmt":"2025-09-24T16:13:37","guid":{"rendered":"https:\/\/casafreitas.pt\/loja\/produto\/detetor-linhas-pan-multidetector-pancontrol\/"},"modified":"2025-10-24T00:39:17","modified_gmt":"2025-10-24T00:39:17","slug":"detetor-linhas-pan-multidetector-pancontrol","status":"publish","type":"product","link":"https:\/\/casafreitas.pt\/loja\/produto\/detetor-linhas-pan-multidetector-pancontrol\/","title":{"rendered":"Detetor de linhas pan multidetector pancontrol"},"content":{"rendered":"","protected":false},"excerpt":{"rendered":"<p>Pan line finder multidetector pancontrol. detector de madeira, metal e cabo. encontre vigas de madeira, suportes de metais e tubos nas paredes, bem como caixas de tomada e caixas de distribui\u00e7\u00e3o acidentalmente revestidas (revestidas). um led vermelho na parte superior e um sinal ac\u00fastico indicam a presen\u00e7a de tens\u00e3o ac de 100 a 600v. detector de tens\u00e3o sem contato (ncv) 125-250v ac. desconex\u00e3o autom\u00e1tica.<\/p>\n","protected":false},"featured_media":76864,"comment_status":"open","ping_status":"closed","template":"","meta":[],"product_brand":[],"product_cat":[11488,15544],"product_tag":[],"class_list":{"0":"post-76865","1":"product","2":"type-product","3":"status-publish","4":"has-post-thumbnail","6":"product_cat-ferramentas","7":"product_cat-multimetros-testers-ferramentas-48","9":"first","10":"instock","11":"taxable","12":"shipping-taxable","13":"purchasable","14":"product-type-simple"},"_links":{"self":[{"href":"https:\/\/casafreitas.pt\/loja\/wp-json\/wp\/v2\/product\/76865","targetHints":{"allow":["GET"]}}],"collection":[{"href":"https:\/\/casafreitas.pt\/loja\/wp-json\/wp\/v2\/product"}],"about":[{"href":"https:\/\/casafreitas.pt\/loja\/wp-json\/wp\/v2\/types\/product"}],"replies":[{"embeddable":true,"href":"https:\/\/casafreitas.pt\/loja\/wp-json\/wp\/v2\/comments?post=76865"}],"version-history":[{"count":1,"href":"https:\/\/casafreitas.pt\/loja\/wp-json\/wp\/v2\/product\/76865\/revisions"}],"predecessor-version":[{"id":76866,"href":"https:\/\/casafreitas.pt\/loja\/wp-json\/wp\/v2\/product\/76865\/revisions\/76866"}],"wp:featuredmedia":[{"embeddable":true,"href":"https:\/\/casafreitas.pt\/loja\/wp-json\/wp\/v2\/media\/76864"}],"wp:attachment":[{"href":"https:\/\/casafreitas.pt\/loja\/wp-json\/wp\/v2\/media?parent=76865"}],"wp:term":[{"taxonomy":"product_brand","embeddable":true,"href":"https:\/\/casafreitas.pt\/loja\/wp-json\/wp\/v2\/product_brand?post=76865"},{"taxonomy":"product_cat","embeddable":true,"href":"https:\/\/casafreitas.pt\/loja\/wp-json\/wp\/v2\/product_cat?post=76865"},{"taxonomy":"product_tag","embeddable":true,"href":"https:\/\/casafreitas.pt\/loja\/wp-json\/wp\/v2\/product_tag?post=76865"}],"curies":[{"name":"wp","href":"https:\/\/api.w.org\/{rel}","templated":true}]}}