{"id":76856,"date":"2025-09-24T16:13:10","date_gmt":"2025-09-24T16:13:10","guid":{"rendered":"https:\/\/casafreitas.pt\/loja\/produto\/tester-voltagem-2-polos-pan-volttester-400-pancontrol\/"},"modified":"2025-10-24T00:39:17","modified_gmt":"2025-10-24T00:39:17","slug":"tester-voltagem-2-polos-pan-volttester-400-pancontrol","status":"publish","type":"product","link":"https:\/\/casafreitas.pt\/loja\/produto\/tester-voltagem-2-polos-pan-volttester-400-pancontrol\/","title":{"rendered":"Tester voltagem de 2 polos pan volttester 400 pancontrol"},"content":{"rendered":"","protected":false},"excerpt":{"rendered":"<p>Tester voltagem de 2 polos pan volttester 400 pancontrol. 8 leds de 6-400v ac\/dc. verde: para quedas de tens\u00e3o de at\u00e9 24v. vermelho: para tens\u00f5es perigosas de 50v. indicador de polaridade dc. apto para uso em interiores. n\u00e3o necessita bateria<\/p>\n","protected":false},"featured_media":76855,"comment_status":"open","ping_status":"closed","template":"","meta":[],"product_brand":[],"product_cat":[11488,15544],"product_tag":[],"class_list":{"0":"post-76856","1":"product","2":"type-product","3":"status-publish","4":"has-post-thumbnail","6":"product_cat-ferramentas","7":"product_cat-multimetros-testers-ferramentas-48","9":"first","10":"instock","11":"taxable","12":"shipping-taxable","13":"purchasable","14":"product-type-simple"},"_links":{"self":[{"href":"https:\/\/casafreitas.pt\/loja\/wp-json\/wp\/v2\/product\/76856","targetHints":{"allow":["GET"]}}],"collection":[{"href":"https:\/\/casafreitas.pt\/loja\/wp-json\/wp\/v2\/product"}],"about":[{"href":"https:\/\/casafreitas.pt\/loja\/wp-json\/wp\/v2\/types\/product"}],"replies":[{"embeddable":true,"href":"https:\/\/casafreitas.pt\/loja\/wp-json\/wp\/v2\/comments?post=76856"}],"version-history":[{"count":1,"href":"https:\/\/casafreitas.pt\/loja\/wp-json\/wp\/v2\/product\/76856\/revisions"}],"predecessor-version":[{"id":76857,"href":"https:\/\/casafreitas.pt\/loja\/wp-json\/wp\/v2\/product\/76856\/revisions\/76857"}],"wp:featuredmedia":[{"embeddable":true,"href":"https:\/\/casafreitas.pt\/loja\/wp-json\/wp\/v2\/media\/76855"}],"wp:attachment":[{"href":"https:\/\/casafreitas.pt\/loja\/wp-json\/wp\/v2\/media?parent=76856"}],"wp:term":[{"taxonomy":"product_brand","embeddable":true,"href":"https:\/\/casafreitas.pt\/loja\/wp-json\/wp\/v2\/product_brand?post=76856"},{"taxonomy":"product_cat","embeddable":true,"href":"https:\/\/casafreitas.pt\/loja\/wp-json\/wp\/v2\/product_cat?post=76856"},{"taxonomy":"product_tag","embeddable":true,"href":"https:\/\/casafreitas.pt\/loja\/wp-json\/wp\/v2\/product_tag?post=76856"}],"curies":[{"name":"wp","href":"https:\/\/api.w.org\/{rel}","templated":true}]}}