{"id":76844,"date":"2025-09-24T16:12:32","date_gmt":"2025-09-24T16:12:32","guid":{"rendered":"https:\/\/casafreitas.pt\/loja\/produto\/pinca-amperimetrica-multifuncoes-1000a-ca-mul022-nimo\/"},"modified":"2025-10-24T00:39:17","modified_gmt":"2025-10-24T00:39:17","slug":"pinca-amperimetrica-multifuncoes-1000a-ca-mul022-nimo","status":"publish","type":"product","link":"https:\/\/casafreitas.pt\/loja\/produto\/pinca-amperimetrica-multifuncoes-1000a-ca-mul022-nimo\/","title":{"rendered":"Pin\u00e7a amperim\u00e9trica multifun\u00e7\u00f5es 1000a ca mul022 nimo"},"content":{"rendered":"","protected":false},"excerpt":{"rendered":"<p>Pin\u00e7a amperim\u00e9trica multifun\u00e7\u00f5es 1000a ca mul022 nimo. pin\u00e7a amperim\u00e9trica de grande capacidade 50mm. bot\u00e3o de manuten\u00e7\u00e3o de leitura, seletor rotativo de fun\u00e7\u00e3o, terminal de entrada com terminal de entrada v\/ohm, abertura de pin\u00e7a mediante gatilho at\u00e9 um m\u00e1ximo de 50mm, indicador sonoro de continuidade, indicador de bateria fraca, pontas de teste e estojo de transporte, cat.ii 600v (en61010-1), corrente 200a\/1000a ca, fun\u00e7\u00f5es ac\/vca\/ohm\/aca\/continuidade com som, 230x70x37mm, 600vcc\/600vca.<\/p>\n","protected":false},"featured_media":76843,"comment_status":"open","ping_status":"closed","template":"","meta":[],"product_brand":[],"product_cat":[11488,15544],"product_tag":[],"class_list":{"0":"post-76844","1":"product","2":"type-product","3":"status-publish","4":"has-post-thumbnail","6":"product_cat-ferramentas","7":"product_cat-multimetros-testers-ferramentas-48","9":"first","10":"instock","11":"taxable","12":"shipping-taxable","13":"purchasable","14":"product-type-simple"},"_links":{"self":[{"href":"https:\/\/casafreitas.pt\/loja\/wp-json\/wp\/v2\/product\/76844","targetHints":{"allow":["GET"]}}],"collection":[{"href":"https:\/\/casafreitas.pt\/loja\/wp-json\/wp\/v2\/product"}],"about":[{"href":"https:\/\/casafreitas.pt\/loja\/wp-json\/wp\/v2\/types\/product"}],"replies":[{"embeddable":true,"href":"https:\/\/casafreitas.pt\/loja\/wp-json\/wp\/v2\/comments?post=76844"}],"version-history":[{"count":1,"href":"https:\/\/casafreitas.pt\/loja\/wp-json\/wp\/v2\/product\/76844\/revisions"}],"predecessor-version":[{"id":76845,"href":"https:\/\/casafreitas.pt\/loja\/wp-json\/wp\/v2\/product\/76844\/revisions\/76845"}],"wp:featuredmedia":[{"embeddable":true,"href":"https:\/\/casafreitas.pt\/loja\/wp-json\/wp\/v2\/media\/76843"}],"wp:attachment":[{"href":"https:\/\/casafreitas.pt\/loja\/wp-json\/wp\/v2\/media?parent=76844"}],"wp:term":[{"taxonomy":"product_brand","embeddable":true,"href":"https:\/\/casafreitas.pt\/loja\/wp-json\/wp\/v2\/product_brand?post=76844"},{"taxonomy":"product_cat","embeddable":true,"href":"https:\/\/casafreitas.pt\/loja\/wp-json\/wp\/v2\/product_cat?post=76844"},{"taxonomy":"product_tag","embeddable":true,"href":"https:\/\/casafreitas.pt\/loja\/wp-json\/wp\/v2\/product_tag?post=76844"}],"curies":[{"name":"wp","href":"https:\/\/api.w.org\/{rel}","templated":true}]}}