{"id":76835,"date":"2025-09-24T16:12:06","date_gmt":"2025-09-24T16:12:06","guid":{"rendered":"https:\/\/casafreitas.pt\/loja\/produto\/soldador-tipo-lapis-220v-30w-hrv120-proskit\/"},"modified":"2025-11-06T23:21:03","modified_gmt":"2025-11-06T23:21:03","slug":"soldador-tipo-lapis-220v-30w-hrv120-proskit","status":"publish","type":"product","link":"https:\/\/casafreitas.pt\/loja\/produto\/soldador-tipo-lapis-220v-30w-hrv120-proskit\/","title":{"rendered":"Soldador tipo l\u00e1pis 220v\/30w hrv120 proskit"},"content":{"rendered":"","protected":false},"excerpt":{"rendered":"<p>Soldador tipo l\u00e1pis 220v\/30w hrv120 proskit. soldador autonomo. pontas 0,5mm (2 inclu\u00eddas), resist\u00eancia met\u00e1lica 30w, tamanho 240mm, temperatura m\u00e1xima 440\u00b0c+\/-10%<\/p>\n","protected":false},"featured_media":76834,"comment_status":"open","ping_status":"closed","template":"","meta":[],"product_brand":[],"product_cat":[11488,17500],"product_tag":[],"class_list":{"0":"post-76835","1":"product","2":"type-product","3":"status-publish","4":"has-post-thumbnail","6":"product_cat-ferramentas","7":"product_cat-soldadores-ferramentas","9":"first","10":"instock","11":"taxable","12":"shipping-taxable","13":"purchasable","14":"product-type-simple"},"_links":{"self":[{"href":"https:\/\/casafreitas.pt\/loja\/wp-json\/wp\/v2\/product\/76835","targetHints":{"allow":["GET"]}}],"collection":[{"href":"https:\/\/casafreitas.pt\/loja\/wp-json\/wp\/v2\/product"}],"about":[{"href":"https:\/\/casafreitas.pt\/loja\/wp-json\/wp\/v2\/types\/product"}],"replies":[{"embeddable":true,"href":"https:\/\/casafreitas.pt\/loja\/wp-json\/wp\/v2\/comments?post=76835"}],"version-history":[{"count":1,"href":"https:\/\/casafreitas.pt\/loja\/wp-json\/wp\/v2\/product\/76835\/revisions"}],"predecessor-version":[{"id":76836,"href":"https:\/\/casafreitas.pt\/loja\/wp-json\/wp\/v2\/product\/76835\/revisions\/76836"}],"wp:featuredmedia":[{"embeddable":true,"href":"https:\/\/casafreitas.pt\/loja\/wp-json\/wp\/v2\/media\/76834"}],"wp:attachment":[{"href":"https:\/\/casafreitas.pt\/loja\/wp-json\/wp\/v2\/media?parent=76835"}],"wp:term":[{"taxonomy":"product_brand","embeddable":true,"href":"https:\/\/casafreitas.pt\/loja\/wp-json\/wp\/v2\/product_brand?post=76835"},{"taxonomy":"product_cat","embeddable":true,"href":"https:\/\/casafreitas.pt\/loja\/wp-json\/wp\/v2\/product_cat?post=76835"},{"taxonomy":"product_tag","embeddable":true,"href":"https:\/\/casafreitas.pt\/loja\/wp-json\/wp\/v2\/product_tag?post=76835"}],"curies":[{"name":"wp","href":"https:\/\/api.w.org\/{rel}","templated":true}]}}