{"id":75383,"date":"2025-09-24T12:36:20","date_gmt":"2025-09-24T12:36:20","guid":{"rendered":"https:\/\/casafreitas.pt\/loja\/produto\/cafeteira-em-aluminio-new-vitro-nao-adequada-para-inducao-3-chavena\/"},"modified":"2025-10-24T00:38:04","modified_gmt":"2025-10-24T00:38:04","slug":"cafeteira-em-aluminio-new-vitro-nao-adequada-para-inducao-3-chavena","status":"publish","type":"product","link":"https:\/\/casafreitas.pt\/loja\/produto\/cafeteira-em-aluminio-new-vitro-nao-adequada-para-inducao-3-chavena\/","title":{"rendered":"Cafeteira em alum\u00ednio new vitro, n\u00e3o adequada para indu\u00e7\u00e3o, 3 ch\u00e1vena"},"content":{"rendered":"","protected":false},"excerpt":{"rendered":"<p>Cafeteira em alum\u00ednio n\u00e3o adequada para indu\u00e7\u00e3o, 3 ch\u00e1vena. possui 14 lados, tanto na parte superior como na base, o que permite que suporte melhor a press\u00e3o do interior. puxador e man\u00edpulo em baquelite<\/p>\n","protected":false},"featured_media":75382,"comment_status":"open","ping_status":"closed","template":"","meta":[],"product_brand":[],"product_cat":[16784,8800],"product_tag":[],"class_list":{"0":"post-75383","1":"product","2":"type-product","3":"status-publish","4":"has-post-thumbnail","6":"product_cat-cafeteiras-bules-pequenos-domesticos-55","7":"product_cat-pequenos-domesticos","9":"first","10":"instock","11":"taxable","12":"shipping-taxable","13":"purchasable","14":"product-type-simple"},"_links":{"self":[{"href":"https:\/\/casafreitas.pt\/loja\/wp-json\/wp\/v2\/product\/75383","targetHints":{"allow":["GET"]}}],"collection":[{"href":"https:\/\/casafreitas.pt\/loja\/wp-json\/wp\/v2\/product"}],"about":[{"href":"https:\/\/casafreitas.pt\/loja\/wp-json\/wp\/v2\/types\/product"}],"replies":[{"embeddable":true,"href":"https:\/\/casafreitas.pt\/loja\/wp-json\/wp\/v2\/comments?post=75383"}],"version-history":[{"count":1,"href":"https:\/\/casafreitas.pt\/loja\/wp-json\/wp\/v2\/product\/75383\/revisions"}],"predecessor-version":[{"id":75384,"href":"https:\/\/casafreitas.pt\/loja\/wp-json\/wp\/v2\/product\/75383\/revisions\/75384"}],"wp:featuredmedia":[{"embeddable":true,"href":"https:\/\/casafreitas.pt\/loja\/wp-json\/wp\/v2\/media\/75382"}],"wp:attachment":[{"href":"https:\/\/casafreitas.pt\/loja\/wp-json\/wp\/v2\/media?parent=75383"}],"wp:term":[{"taxonomy":"product_brand","embeddable":true,"href":"https:\/\/casafreitas.pt\/loja\/wp-json\/wp\/v2\/product_brand?post=75383"},{"taxonomy":"product_cat","embeddable":true,"href":"https:\/\/casafreitas.pt\/loja\/wp-json\/wp\/v2\/product_cat?post=75383"},{"taxonomy":"product_tag","embeddable":true,"href":"https:\/\/casafreitas.pt\/loja\/wp-json\/wp\/v2\/product_tag?post=75383"}],"curies":[{"name":"wp","href":"https:\/\/api.w.org\/{rel}","templated":true}]}}