{"id":73974,"date":"2025-09-24T11:31:15","date_gmt":"2025-09-24T11:31:15","guid":{"rendered":"https:\/\/casafreitas.pt\/loja\/produto\/panela-o16x10cm-18l-inox-com-tampa-foodies-bgmp-1504-bk-masterpro\/"},"modified":"2025-10-24T00:36:21","modified_gmt":"2025-10-24T00:36:21","slug":"panela-o16x10cm-18l-inox-com-tampa-foodies-bgmp-1504-bk-masterpro","status":"publish","type":"product","link":"https:\/\/casafreitas.pt\/loja\/produto\/panela-o16x10cm-18l-inox-com-tampa-foodies-bgmp-1504-bk-masterpro\/","title":{"rendered":"Panela \u00f816x10cm 1,8l inox com tampa foodies bgmp-1504-bk masterpro"},"content":{"rendered":"","protected":false},"excerpt":{"rendered":"<p>Panela \u00f816x10cm 1,8l inox com tampa foodies bgmp-1504-bk masterpro. a panela de \u00f816x10cm tem uma capacidade de 1,8l, est\u00e1 fabricada em inox, material que lhe proporciona uma grande resist\u00eancia. inclui uma escala de medi\u00e7\u00e3o no seu interior que lhe permite maior precis\u00e3o em rela\u00e7\u00e3o \u00e0 quantidade dos alimentos. \u00e9 apta para todo o tipo de fog\u00f5es: g\u00e1s, halog\u00e9na, el\u00e9trica, vitrocer\u00e2mica e indu\u00e7\u00e3o. gra\u00e7as \u00e0 tampa de vidro poder\u00e1 ver o grau de cozimento sem ter que a abrir. gra\u00e7as \u00e0s pegas revestidas de silicone \u00e9 f\u00e1cil e pr\u00e1tica de manipular<\/p>\n","protected":false},"featured_media":73973,"comment_status":"open","ping_status":"closed","template":"","meta":[],"product_brand":[],"product_cat":[13520,8800],"product_tag":[],"class_list":{"0":"post-73974","1":"product","2":"type-product","3":"status-publish","4":"has-post-thumbnail","6":"product_cat-panelas","7":"product_cat-pequenos-domesticos","9":"first","10":"instock","11":"taxable","12":"shipping-taxable","13":"purchasable","14":"product-type-simple"},"_links":{"self":[{"href":"https:\/\/casafreitas.pt\/loja\/wp-json\/wp\/v2\/product\/73974","targetHints":{"allow":["GET"]}}],"collection":[{"href":"https:\/\/casafreitas.pt\/loja\/wp-json\/wp\/v2\/product"}],"about":[{"href":"https:\/\/casafreitas.pt\/loja\/wp-json\/wp\/v2\/types\/product"}],"replies":[{"embeddable":true,"href":"https:\/\/casafreitas.pt\/loja\/wp-json\/wp\/v2\/comments?post=73974"}],"version-history":[{"count":1,"href":"https:\/\/casafreitas.pt\/loja\/wp-json\/wp\/v2\/product\/73974\/revisions"}],"predecessor-version":[{"id":73975,"href":"https:\/\/casafreitas.pt\/loja\/wp-json\/wp\/v2\/product\/73974\/revisions\/73975"}],"wp:featuredmedia":[{"embeddable":true,"href":"https:\/\/casafreitas.pt\/loja\/wp-json\/wp\/v2\/media\/73973"}],"wp:attachment":[{"href":"https:\/\/casafreitas.pt\/loja\/wp-json\/wp\/v2\/media?parent=73974"}],"wp:term":[{"taxonomy":"product_brand","embeddable":true,"href":"https:\/\/casafreitas.pt\/loja\/wp-json\/wp\/v2\/product_brand?post=73974"},{"taxonomy":"product_cat","embeddable":true,"href":"https:\/\/casafreitas.pt\/loja\/wp-json\/wp\/v2\/product_cat?post=73974"},{"taxonomy":"product_tag","embeddable":true,"href":"https:\/\/casafreitas.pt\/loja\/wp-json\/wp\/v2\/product_tag?post=73974"}],"curies":[{"name":"wp","href":"https:\/\/api.w.org\/{rel}","templated":true}]}}