{"id":73836,"date":"2025-09-24T11:25:21","date_gmt":"2025-09-24T11:25:21","guid":{"rendered":"https:\/\/casafreitas.pt\/loja\/produto\/panela-pressao-o22cm-6l-inox-cordoba-sg1511-san-ignacio\/"},"modified":"2025-10-24T00:36:08","modified_gmt":"2025-10-24T00:36:08","slug":"panela-pressao-o22cm-6l-inox-cordoba-sg1511-san-ignacio","status":"publish","type":"product","link":"https:\/\/casafreitas.pt\/loja\/produto\/panela-pressao-o22cm-6l-inox-cordoba-sg1511-san-ignacio\/","title":{"rendered":"Panela de press\u00e3o \u00f822cm 6l inox cordoba sg1511 san ignacio"},"content":{"rendered":"","protected":false},"excerpt":{"rendered":"<p>Panela de press\u00e3o \u00f822cm 6l inox 1mm de grossor cordoba sg1511 san ignacio. muito vers\u00e1til, \u00fatil para cozinhar todo o tipo de alimentos. a constru\u00e7\u00e3o desta pe\u00e7a est\u00e1 desenvolvida para preparar sopas, molhos, carnes e outras receitas em quantidades consider\u00e1veis. f\u00e1cil de limpar. uma panela r\u00e1pida e resistente. o inox presente na sua fabrica\u00e7\u00e3o proporciona propriedades de suporte frente a altas temperaturas. mantem a sua forma original, inclusive ap\u00f3s usos prolongados. absorve impactos exteriores. panela especialmente indicada para a elabora\u00e7\u00e3o de estufados. a sua capacidade para l\u00edquido \u00e9 ideal para verter diversos ingredientes de uma s\u00f3 vez.. isto permite poupar muito tempo a longo prazo. uma magnifica distribui\u00e7\u00e3o do calor. as panelas de indu\u00e7\u00e3o tamb\u00e9m podem ser usados em cozinhas d<\/p>\n","protected":false},"featured_media":73835,"comment_status":"open","ping_status":"closed","template":"","meta":[],"product_brand":[],"product_cat":[13519,8800],"product_tag":[],"class_list":{"0":"post-73836","1":"product","2":"type-product","3":"status-publish","4":"has-post-thumbnail","6":"product_cat-panela-de-pressao","7":"product_cat-pequenos-domesticos","9":"first","10":"instock","11":"taxable","12":"shipping-taxable","13":"purchasable","14":"product-type-simple"},"_links":{"self":[{"href":"https:\/\/casafreitas.pt\/loja\/wp-json\/wp\/v2\/product\/73836","targetHints":{"allow":["GET"]}}],"collection":[{"href":"https:\/\/casafreitas.pt\/loja\/wp-json\/wp\/v2\/product"}],"about":[{"href":"https:\/\/casafreitas.pt\/loja\/wp-json\/wp\/v2\/types\/product"}],"replies":[{"embeddable":true,"href":"https:\/\/casafreitas.pt\/loja\/wp-json\/wp\/v2\/comments?post=73836"}],"version-history":[{"count":1,"href":"https:\/\/casafreitas.pt\/loja\/wp-json\/wp\/v2\/product\/73836\/revisions"}],"predecessor-version":[{"id":73837,"href":"https:\/\/casafreitas.pt\/loja\/wp-json\/wp\/v2\/product\/73836\/revisions\/73837"}],"wp:featuredmedia":[{"embeddable":true,"href":"https:\/\/casafreitas.pt\/loja\/wp-json\/wp\/v2\/media\/73835"}],"wp:attachment":[{"href":"https:\/\/casafreitas.pt\/loja\/wp-json\/wp\/v2\/media?parent=73836"}],"wp:term":[{"taxonomy":"product_brand","embeddable":true,"href":"https:\/\/casafreitas.pt\/loja\/wp-json\/wp\/v2\/product_brand?post=73836"},{"taxonomy":"product_cat","embeddable":true,"href":"https:\/\/casafreitas.pt\/loja\/wp-json\/wp\/v2\/product_cat?post=73836"},{"taxonomy":"product_tag","embeddable":true,"href":"https:\/\/casafreitas.pt\/loja\/wp-json\/wp\/v2\/product_tag?post=73836"}],"curies":[{"name":"wp","href":"https:\/\/api.w.org\/{rel}","templated":true}]}}