{"id":73632,"date":"2025-09-24T10:56:13","date_gmt":"2025-09-24T10:56:13","guid":{"rendered":"https:\/\/casafreitas.pt\/loja\/produto\/mala-cabine-preta-55-x-20-x-40-cm\/"},"modified":"2025-10-24T00:35:57","modified_gmt":"2025-10-24T00:35:57","slug":"mala-cabine-preta-55-x-20-x-40-cm","status":"publish","type":"product","link":"https:\/\/casafreitas.pt\/loja\/produto\/mala-cabine-preta-55-x-20-x-40-cm\/","title":{"rendered":"Mala de cabine preta, 55 x 20 x 40 cm"},"content":{"rendered":"","protected":false},"excerpt":{"rendered":"<p>Mala de cabine adequada para companhias a\u00e9reas de baixo custo. material abs texturizado. caracter\u00edsticas: imperme\u00e1vel, com protetores laterais, 4 rodas duplas 360\u00b0, cadeado com combina\u00e7\u00e3o lateral e interior com compartimentos. medidas: 55x20x40cm. capacidade: 38,4l\/13kg<\/p>\n","protected":false},"featured_media":73631,"comment_status":"open","ping_status":"closed","template":"","meta":[],"product_brand":[],"product_cat":[17712,18003],"product_tag":[],"class_list":{"0":"post-73632","1":"product","2":"type-product","3":"status-publish","4":"has-post-thumbnail","6":"product_cat-malas-viagem-casa-e-decoracao","7":"product_cat-casa-decoracao","9":"first","10":"instock","11":"taxable","12":"shipping-taxable","13":"purchasable","14":"product-type-simple"},"_links":{"self":[{"href":"https:\/\/casafreitas.pt\/loja\/wp-json\/wp\/v2\/product\/73632","targetHints":{"allow":["GET"]}}],"collection":[{"href":"https:\/\/casafreitas.pt\/loja\/wp-json\/wp\/v2\/product"}],"about":[{"href":"https:\/\/casafreitas.pt\/loja\/wp-json\/wp\/v2\/types\/product"}],"replies":[{"embeddable":true,"href":"https:\/\/casafreitas.pt\/loja\/wp-json\/wp\/v2\/comments?post=73632"}],"version-history":[{"count":1,"href":"https:\/\/casafreitas.pt\/loja\/wp-json\/wp\/v2\/product\/73632\/revisions"}],"predecessor-version":[{"id":73633,"href":"https:\/\/casafreitas.pt\/loja\/wp-json\/wp\/v2\/product\/73632\/revisions\/73633"}],"wp:featuredmedia":[{"embeddable":true,"href":"https:\/\/casafreitas.pt\/loja\/wp-json\/wp\/v2\/media\/73631"}],"wp:attachment":[{"href":"https:\/\/casafreitas.pt\/loja\/wp-json\/wp\/v2\/media?parent=73632"}],"wp:term":[{"taxonomy":"product_brand","embeddable":true,"href":"https:\/\/casafreitas.pt\/loja\/wp-json\/wp\/v2\/product_brand?post=73632"},{"taxonomy":"product_cat","embeddable":true,"href":"https:\/\/casafreitas.pt\/loja\/wp-json\/wp\/v2\/product_cat?post=73632"},{"taxonomy":"product_tag","embeddable":true,"href":"https:\/\/casafreitas.pt\/loja\/wp-json\/wp\/v2\/product_tag?post=73632"}],"curies":[{"name":"wp","href":"https:\/\/api.w.org\/{rel}","templated":true}]}}